{"id":80,"date":"2016-08-20T17:56:51","date_gmt":"2016-08-20T16:56:51","guid":{"rendered":"http:\/\/dominicaineslangeac.fr\/?page_id=80"},"modified":"2025-01-06T11:18:16","modified_gmt":"2025-01-06T10:18:16","slug":"liens","status":"publish","type":"page","link":"https:\/\/dominicaineslangeac.fr\/index.php\/liens\/","title":{"rendered":"Liens"},"content":{"rendered":"<div id=\"attachment_388\" style=\"width: 310px\" class=\"wp-caption alignright\"><img data-recalc-dims=\"1\" loading=\"lazy\" decoding=\"async\" aria-describedby=\"caption-attachment-388\" data-attachment-id=\"388\" data-permalink=\"https:\/\/dominicaineslangeac.fr\/index.php\/liens\/christ-de-mere-agnes\/\" data-orig-file=\"https:\/\/i0.wp.com\/dominicaineslangeac.fr\/wp-content\/uploads\/2016\/08\/Christ-de-m%C3%A8re-Agn%C3%A8s.jpg?fit=1040%2C1532&amp;ssl=1\" data-orig-size=\"1040,1532\" data-comments-opened=\"0\" data-image-meta=\"{&quot;aperture&quot;:&quot;0&quot;,&quot;credit&quot;:&quot;&quot;,&quot;camera&quot;:&quot;&quot;,&quot;caption&quot;:&quot;&quot;,&quot;created_timestamp&quot;:&quot;0&quot;,&quot;copyright&quot;:&quot;&quot;,&quot;focal_length&quot;:&quot;0&quot;,&quot;iso&quot;:&quot;0&quot;,&quot;shutter_speed&quot;:&quot;0&quot;,&quot;title&quot;:&quot;&quot;,&quot;orientation&quot;:&quot;1&quot;}\" data-image-title=\"Christ de m\u00e8re Agn\u00e8s\" data-image-description=\"\" data-image-caption=\"\" data-large-file=\"https:\/\/i0.wp.com\/dominicaineslangeac.fr\/wp-content\/uploads\/2016\/08\/Christ-de-m%C3%A8re-Agn%C3%A8s.jpg?fit=695%2C1024&amp;ssl=1\" class=\"wp-image-388\" src=\"https:\/\/i0.wp.com\/dominicaineslangeac.fr\/wp-content\/uploads\/2016\/08\/Christ-de-m%C3%A8re-Agn%C3%A8s-695x1024.jpg?resize=300%2C442\" alt=\"Christ de m\u00e8re Agn\u00e8s\" width=\"300\" height=\"442\" srcset=\"https:\/\/i0.wp.com\/dominicaineslangeac.fr\/wp-content\/uploads\/2016\/08\/Christ-de-m%C3%A8re-Agn%C3%A8s.jpg?resize=695%2C1024&amp;ssl=1 695w, https:\/\/i0.wp.com\/dominicaineslangeac.fr\/wp-content\/uploads\/2016\/08\/Christ-de-m%C3%A8re-Agn%C3%A8s.jpg?resize=204%2C300&amp;ssl=1 204w, https:\/\/i0.wp.com\/dominicaineslangeac.fr\/wp-content\/uploads\/2016\/08\/Christ-de-m%C3%A8re-Agn%C3%A8s.jpg?resize=768%2C1131&amp;ssl=1 768w, https:\/\/i0.wp.com\/dominicaineslangeac.fr\/wp-content\/uploads\/2016\/08\/Christ-de-m%C3%A8re-Agn%C3%A8s.jpg?w=1040&amp;ssl=1 1040w\" sizes=\"auto, (max-width: 300px) 100vw, 300px\" \/><p id=\"caption-attachment-388\" class=\"wp-caption-text\">Le Christ de M\u00e8re Agn\u00e8s, 17\u00e8me si\u00e8cle.<\/p><\/div>\n<h3 class=\"Body\">Liens dominicains<\/h3>\n<p class=\"Body\"><a href=\"http:\/\/moniales.dominicaines.org\">F\u00e9d\u00e9ration Notre Dame des Pr\u00eacheurs (Moniales dominicaines fran\u00e7aies<\/a>)<\/p>\n<p class=\"Body\"><a title=\"http:\/\/www.op.org\/fr\" href=\"https:\/\/www.op.org\/?lang=fr\">Ordre des Pr\u00eacheurs<\/a><\/p>\n<p class=\"Body\"><a title=\"http:\/\/www.dominicains.fr\/\" href=\"http:\/\/www.dominicains.fr\/\">Dominicains de la Province de France<\/a><\/p>\n<p class=\"Body\"><a title=\"http:\/\/dominicains.com\/\" href=\"http:\/\/dominicains.com\/\">Dominicains de la Province de Toulouse<\/a><\/p>\n<p class=\"Body\"><a href=\"http:\/\/www.dominicaines-le-puy.com\">Dominicaines du Puy<\/a><\/p>\n<p class=\"Body\"><a title=\"http:\/\/www.laics-dominicains.org\/\" href=\"http:\/\/www.laics-dominicains.org\/\">Fraternit\u00e9s La\u00efques Dominicaines<\/a><\/p>\n<p class=\"Body\"><a href=\"https:\/\/www.aelf.org\">La retraite dans la ville<\/a><\/p>\n<h3 class=\"Body\">D&rsquo;autres liens catholiques<\/h3>\n<p class=\"Body\"><a title=\"http:\/\/www.service-des-moniales.cef.fr\/\" href=\"http:\/\/www.service-des-moniales.cef.fr\/\">Service des Moniales<\/a><\/p>\n<p class=\"Body\"><a href=\"https:\/\/www.aelf.org\">Aelf<\/a><\/p>\n<p class=\"Body\"><a href=\"http:\/\/cef.fr\">Conf\u00e9rence des Ev\u00eaques<\/a><\/p>\n<p class=\"Body\"><a href=\"http:\/\/www.catholique-lepuy.cef.fr\">Dioc\u00e8se du Puy<\/a><\/p>\n<p class=\"Body\"><a href=\"http:\/\/www.ville-langeac.fr\/Historial-Mere-Agnes-de-Langeac\">Historial de M\u00e8re Agn\u00e8s<\/a><\/p>\n<hr \/>\n<hr \/>\n<hr \/>\n","protected":false},"excerpt":{"rendered":"<p>Liens dominicains F\u00e9d\u00e9ration Notre Dame des Pr\u00eacheurs (Moniales dominicaines fran\u00e7aies) Ordre des Pr\u00eacheurs Dominicains de la Province de France Dominicains de la Province de Toulouse Dominicaines du Puy Fraternit\u00e9s La\u00efques Dominicaines La retraite dans la ville D&rsquo;autres liens catholiques Service des Moniales Aelf Conf\u00e9rence des Ev\u00eaques Dioc\u00e8se du Puy Historial de M\u00e8re Agn\u00e8s<\/p>\n","protected":false},"author":1,"featured_media":0,"parent":0,"menu_order":6,"comment_status":"closed","ping_status":"closed","template":"","meta":{"advanced_seo_description":"","jetpack_seo_html_title":"","jetpack_seo_noindex":false,"jetpack_post_was_ever_published":false,"footnotes":""},"class_list":["post-80","page","type-page","status-publish","czr-hentry"],"jetpack_sharing_enabled":true,"jetpack_shortlink":"https:\/\/wp.me\/P7P1cC-1i","jetpack-related-posts":[{"id":431,"url":"https:\/\/dominicaineslangeac.fr\/index.php\/regle-de-vie\/moniales-dominicaines\/","url_meta":{"origin":80,"position":0},"title":"Moniales dominicaines","author":"Monast\u00e8re Ste Catherine","date":"10 octobre 2016","format":false,"excerpt":"Nous sommes douze moniales dominicaines vivant dans un monast\u00e8re \u00e0 Langeac en Auvergne. Nous appartenons \u00e0 l\u2019Ordre des Pr\u00eacheurs, un Ordre religieux au sein de l\u2019\u00c9glise Catholique. Ce site pr\u00e9sente notre vie, nos activit\u00e9s et comment vous pouvez apprendre \u00e0 nous connaitre. Le propos fondamental Les moniales de l\u2019Ordre des\u2026","rel":"","context":"Article similaire","block_context":{"text":"Article similaire","link":""},"img":{"alt_text":"","src":"https:\/\/i0.wp.com\/dominicaineslangeac.fr\/wp-content\/uploads\/2020\/06\/ct%C3%A9-genets.jpg?fit=910%2C666&ssl=1&resize=350%2C200","width":350,"height":200,"srcset":"https:\/\/i0.wp.com\/dominicaineslangeac.fr\/wp-content\/uploads\/2020\/06\/ct%C3%A9-genets.jpg?fit=910%2C666&ssl=1&resize=350%2C200 1x, https:\/\/i0.wp.com\/dominicaineslangeac.fr\/wp-content\/uploads\/2020\/06\/ct%C3%A9-genets.jpg?fit=910%2C666&ssl=1&resize=525%2C300 1.5x, https:\/\/i0.wp.com\/dominicaineslangeac.fr\/wp-content\/uploads\/2020\/06\/ct%C3%A9-genets.jpg?fit=910%2C666&ssl=1&resize=700%2C400 2x"},"classes":[]},{"id":429,"url":"https:\/\/dominicaineslangeac.fr\/index.php\/regle-de-vie\/ordre-dominicain\/","url_meta":{"origin":80,"position":1},"title":"Ordre dominicain","author":"Monast\u00e8re Ste Catherine","date":"10 octobre 2016","format":false,"excerpt":"A la suite de saint Dominique N\u00e9 au XIIIe si\u00e8cle du d\u00e9sir br\u00fblant de saint Dominique de \u00ab\u00a0se donner tout entier au salut des hommes comme le Christ l\u2019a fait lui-m\u00eame\u00a0\u00bb, l\u2019Ordre des Pr\u00eacheurs est au service de l\u2019annonce de la Parole de Dieu et de la V\u00e9rit\u00e9 de l\u2019\u00c9vangile.\u2026","rel":"","context":"Article similaire","block_context":{"text":"Article similaire","link":""},"img":{"alt_text":"","src":"https:\/\/i0.wp.com\/dominicaineslangeac.fr\/wp-content\/uploads\/2016\/10\/Statue-St-Dom-encadre-182x300.jpg?resize=350%2C200","width":350,"height":200},"classes":[]},{"id":67,"url":"https:\/\/dominicaineslangeac.fr\/index.php\/aamdl\/","url_meta":{"origin":80,"position":2},"title":"AAMDL","author":"Monast\u00e8re Ste Catherine","date":"20 ao\u00fbt 2016","format":false,"excerpt":"r L'Association des Amis des Moniales Dominicaines de Langeac L\u2019association est ouverte \u00e0 tous ceux qui veulent aider les s\u0153urs \u00e0 poursuivre leur mission : maintenir vivante la vie monastique dominicaine en Auvergne et promouvoir l\u2019h\u00e9ritage spirituel de la Bienheureuse Agn\u00e8s de J\u00e9sus. Elle a pour objet de d\u00e9velopper et\u2026","rel":"","context":"Article similaire","block_context":{"text":"Article similaire","link":""},"img":{"alt_text":"","src":"https:\/\/i0.wp.com\/dominicaineslangeac.fr\/wp-content\/uploads\/2016\/08\/AAMDL_LogoHoriz_Quadri-2-court-.jpg?fit=596%2C650&ssl=1&resize=350%2C200","width":350,"height":200,"srcset":"https:\/\/i0.wp.com\/dominicaineslangeac.fr\/wp-content\/uploads\/2016\/08\/AAMDL_LogoHoriz_Quadri-2-court-.jpg?fit=596%2C650&ssl=1&resize=350%2C200 1x, https:\/\/i0.wp.com\/dominicaineslangeac.fr\/wp-content\/uploads\/2016\/08\/AAMDL_LogoHoriz_Quadri-2-court-.jpg?fit=596%2C650&ssl=1&resize=525%2C300 1.5x"},"classes":[]},{"id":469,"url":"https:\/\/dominicaineslangeac.fr\/index.php\/nos-activites\/icones_dominicaines\/","url_meta":{"origin":80,"position":3},"title":"Ic\u00f4nes \u00ab\u00a0dominicaines\u00a0\u00bb","author":"Monast\u00e8re Ste Catherine","date":"20 f\u00e9vrier 2017","format":false,"excerpt":"Nouvelle icone \"M\u00e8re Agn\u00e8s\" \u00e9crite pour la communaut\u00e9 par une soeur dominicaine \u00e0 Langeac : Deux ic\u00f4nes du Jubil\u00e9 dominicain (2015-2017), \u00e9crites par une dominicaine \u00e0 Langeac Saint Dominique, Maison Seilhan,\u00a0 (2018) ch\u00eane fonc\u00e9 Vente Carte postale : 1 \u20ac Les ic\u00f4nes sont vendues coll\u00e9es sur bois : Petit format\u2026","rel":"","context":"Article similaire","block_context":{"text":"Article similaire","link":""},"img":{"alt_text":"","src":"https:\/\/i0.wp.com\/dominicaineslangeac.fr\/wp-content\/uploads\/2017\/02\/mereagnes-pt-225x300.jpg?resize=350%2C200","width":350,"height":200},"classes":[]},{"id":21,"url":"https:\/\/dominicaineslangeac.fr\/index.php\/nos-activites\/magasin\/","url_meta":{"origin":80,"position":4},"title":"Magasin","author":"Monast\u00e8re Ste Catherine","date":"20 ao\u00fbt 2016","format":false,"excerpt":"Vente sur place ou par correspondance Ic\u00f4nes coll\u00e9es Plusieurs formats : 7\u20ac - 28\u20ac Cartes personnalis\u00e9es Merci Anniversaires Citations Bienheureuse Agn\u00e8s Avec enveloppe : 2,50 \u20ac Chapelets et rosaires Dizainier : 3,20 \u20ac - 6,30 \u20ac Chapelet : 8,40 \u20ac Rosaire : 15 \u20ac Livres Sur Agn\u00e8s de Langeac M\u00e9moires\u2026","rel":"","context":"Article similaire","block_context":{"text":"Article similaire","link":""},"img":{"alt_text":"","src":"https:\/\/i0.wp.com\/dominicaineslangeac.fr\/wp-content\/uploads\/2016\/08\/magasin-700x413.jpg?resize=350%2C200","width":350,"height":200,"srcset":"https:\/\/i0.wp.com\/dominicaineslangeac.fr\/wp-content\/uploads\/2016\/08\/magasin-700x413.jpg?resize=350%2C200 1x, https:\/\/i0.wp.com\/dominicaineslangeac.fr\/wp-content\/uploads\/2016\/08\/magasin-700x413.jpg?resize=525%2C300 1.5x, https:\/\/i0.wp.com\/dominicaineslangeac.fr\/wp-content\/uploads\/2016\/08\/magasin-700x413.jpg?resize=700%2C400 2x"},"classes":[]},{"id":418,"url":"https:\/\/dominicaineslangeac.fr\/index.php\/agnes-de-langeac\/la-vie-dagnes-de-langeac\/","url_meta":{"origin":80,"position":5},"title":"La vie de la bienheureuse Agn\u00e8s","author":"Monast\u00e8re Ste Catherine","date":"10 octobre 2016","format":false,"excerpt":"\u00a0Fond\u00e9e en 1623, la communaut\u00e9 compte parmi ses fondatrices une jeune fille du Puy en Velay, s\u0153ur Agn\u00e8s de J\u00e9sus Galand. N\u00e9e le 17 novembre 1602, elle est re\u00e7ue dans l\u2019Ordre de saint Dominique, comme tertiaire, en 1621. Elle aime \u00e0 entourer les futures mamans de sa sollicitude. En 1623,\u2026","rel":"","context":"Article similaire","block_context":{"text":"Article similaire","link":""},"img":{"alt_text":"","src":"https:\/\/i0.wp.com\/dominicaineslangeac.fr\/wp-content\/uploads\/2016\/10\/Bse-Agn%C3%A8s-de-Langeac-207x300.jpg?resize=350%2C200","width":350,"height":200},"classes":[]}],"_links":{"self":[{"href":"https:\/\/dominicaineslangeac.fr\/index.php\/wp-json\/wp\/v2\/pages\/80","targetHints":{"allow":["GET"]}}],"collection":[{"href":"https:\/\/dominicaineslangeac.fr\/index.php\/wp-json\/wp\/v2\/pages"}],"about":[{"href":"https:\/\/dominicaineslangeac.fr\/index.php\/wp-json\/wp\/v2\/types\/page"}],"author":[{"embeddable":true,"href":"https:\/\/dominicaineslangeac.fr\/index.php\/wp-json\/wp\/v2\/users\/1"}],"replies":[{"embeddable":true,"href":"https:\/\/dominicaineslangeac.fr\/index.php\/wp-json\/wp\/v2\/comments?post=80"}],"version-history":[{"count":28,"href":"https:\/\/dominicaineslangeac.fr\/index.php\/wp-json\/wp\/v2\/pages\/80\/revisions"}],"predecessor-version":[{"id":3289,"href":"https:\/\/dominicaineslangeac.fr\/index.php\/wp-json\/wp\/v2\/pages\/80\/revisions\/3289"}],"wp:attachment":[{"href":"https:\/\/dominicaineslangeac.fr\/index.php\/wp-json\/wp\/v2\/media?parent=80"}],"curies":[{"name":"wp","href":"https:\/\/api.w.org\/{rel}","templated":true}]}}

<div id="attachment_388" style="width: 310px" class="wp-caption alignright"><img data-recalc-dims="1" loading="lazy" decoding="async" aria-describedby="caption-attachment-388" data-attachment-id="388" data-permalink="https://dominicaineslangeac.fr/index.php/liens/christ-de-mere-agnes/" data-orig-file="https://i0.wp.com/dominicaineslangeac.fr/wp-content/uploads/2016/08/Christ-de-m%C3%A8re-Agn%C3%A8s.jpg?fit=1040%2C1532&amp;ssl=1" data-orig-size="1040,1532" data-comments-opened="0" data-image-meta="{&quot;aperture&quot;:&quot;0&quot;,&quot;credit&quot;:&quot;&quot;,&quot;camera&quot;:&quot;&quot;,&quot;caption&quot;:&quot;&quot;,&quot;created_timestamp&quot;:&quot;0&quot;,&quot;copyright&quot;:&quot;&quot;,&quot;focal_length&quot;:&quot;0&quot;,&quot;iso&quot;:&quot;0&quot;,&quot;shutter_speed&quot;:&quot;0&quot;,&quot;title&quot;:&quot;&quot;,&quot;orientation&quot;:&quot;1&quot;}" data-image-title="Christ de mère Agnès" data-image-description="" data-image-caption="" data-large-file="https://i0.wp.com/dominicaineslangeac.fr/wp-content/uploads/2016/08/Christ-de-m%C3%A8re-Agn%C3%A8s.jpg?fit=695%2C1024&amp;ssl=1" class="wp-image-388" src="https://i0.wp.com/dominicaineslangeac.fr/wp-content/uploads/2016/08/Christ-de-m%C3%A8re-Agn%C3%A8s-695x1024.jpg?resize=300%2C442" alt="Christ de mère Agnès" width="300" height="442" srcset="https://i0.wp.com/dominicaineslangeac.fr/wp-content/uploads/2016/08/Christ-de-m%C3%A8re-Agn%C3%A8s.jpg?resize=695%2C1024&amp;ssl=1 695w, https://i0.wp.com/dominicaineslangeac.fr/wp-content/uploads/2016/08/Christ-de-m%C3%A8re-Agn%C3%A8s.jpg?resize=204%2C300&amp;ssl=1 204w, https://i0.wp.com/dominicaineslangeac.fr/wp-content/uploads/2016/08/Christ-de-m%C3%A8re-Agn%C3%A8s.jpg?resize=768%2C1131&amp;ssl=1 768w, https://i0.wp.com/dominicaineslangeac.fr/wp-content/uploads/2016/08/Christ-de-m%C3%A8re-Agn%C3%A8s.jpg?w=1040&amp;ssl=1 1040w" sizes="auto, (max-width: 300px) 100vw, 300px" /><p id="caption-attachment-388" class="wp-caption-text">Le Christ de Mère Agnès, 17ème siècle.</p></div>
<h3 class="Body">Liens dominicains</h3>
<p class="Body"><a href="http://moniales.dominicaines.org">Fédération Notre Dame des Prêcheurs (Moniales dominicaines françaies</a>)</p>
<p class="Body"><a title="http://www.op.org/fr" href="https://www.op.org/?lang=fr">Ordre des Prêcheurs</a></p>
<p class="Body"><a title="http://www.dominicains.fr/" href="http://www.dominicains.fr/">Dominicains de la Province de France</a></p>
<p class="Body"><a title="http://dominicains.com/" href="http://dominicains.com/">Dominicains de la Province de Toulouse</a></p>
<p class="Body"><a href="http://www.dominicaines-le-puy.com">Dominicaines du Puy</a></p>
<p class="Body"><a title="http://www.laics-dominicains.org/" href="http://www.laics-dominicains.org/">Fraternités Laïques Dominicaines</a></p>
<p class="Body"><a href="https://www.aelf.org">La retraite dans la ville</a></p>
<h3 class="Body">D&rsquo;autres liens catholiques</h3>
<p class="Body"><a title="http://www.service-des-moniales.cef.fr/" href="http://www.service-des-moniales.cef.fr/">Service des Moniales</a></p>
<p class="Body"><a href="https://www.aelf.org">Aelf</a></p>
<p class="Body"><a href="http://cef.fr">Conférence des Evêques</a></p>
<p class="Body"><a href="http://www.catholique-lepuy.cef.fr">Diocèse du Puy</a></p>
<p class="Body"><a href="http://www.ville-langeac.fr/Historial-Mere-Agnes-de-Langeac">Historial de Mère Agnès</a></p>
<hr />
<hr />
<hr />

<p>Liens dominicains Fédération Notre Dame des Prêcheurs (Moniales dominicaines françaies) Ordre des Prêcheurs Dominicains de la Province de France Dominicains de la Province de Toulouse Dominicaines du Puy Fraternités Laïques Dominicaines La retraite dans la ville D&rsquo;autres liens catholiques Service des Moniales Aelf Conférence des Evêques Diocèse du Puy Historial de Mère Agnès</p>

Monastère Ste Catherine

Nous sommes douze moniales dominicaines vivant dans un monastère à Langeac en Auvergne. Nous appartenons à l’Ordre des Prêcheurs, un Ordre religieux au sein de l’Église Catholique. Ce site présente notre vie, nos activités et comment vous pouvez apprendre à nous connaitre. Le propos fondamental Les moniales de l’Ordre des…

A la suite de saint Dominique Né au XIIIe siècle du désir brûlant de saint Dominique de « se donner tout entier au salut des hommes comme le Christ l’a fait lui-même », l’Ordre des Prêcheurs est au service de l’annonce de la Parole de Dieu et de la Vérité de l’Évangile.…

20 août 2016

r L'Association des Amis des Moniales Dominicaines de Langeac L’association est ouverte à tous ceux qui veulent aider les sœurs à poursuivre leur mission : maintenir vivante la vie monastique dominicaine en Auvergne et promouvoir l’héritage spirituel de la Bienheureuse Agnès de Jésus. Elle a pour objet de développer et…

Icônes « dominicaines »

20 février 2017

Nouvelle icone "Mère Agnès" écrite pour la communauté par une soeur dominicaine à Langeac : Deux icônes du Jubilé dominicain (2015-2017), écrites par une dominicaine à Langeac Saint Dominique, Maison Seilhan,  (2018) chêne foncé Vente Carte postale : 1 € Les icônes sont vendues collées sur bois : Petit format…

Vente sur place ou par correspondance Icônes collées Plusieurs formats : 7€ - 28€ Cartes personnalisées Merci Anniversaires Citations Bienheureuse Agnès Avec enveloppe : 2,50 € Chapelets et rosaires Dizainier : 3,20 € - 6,30 € Chapelet : 8,40 € Rosaire : 15 € Livres Sur Agnès de Langeac Mémoires…

La vie de la bienheureuse Agnès

Fondée en 1623, la communauté compte parmi ses fondatrices une jeune fille du Puy en Velay, sœur Agnès de Jésus Galand. Née le 17 novembre 1602, elle est reçue dans l’Ordre de saint Dominique, comme tertiaire, en 1621. Elle aime à entourer les futures mamans de sa sollicitude. En 1623,…
