{"id":463,"date":"2017-02-20T09:56:26","date_gmt":"2017-02-20T08:56:26","guid":{"rendered":"http:\/\/dominicaineslangeac.fr\/?page_id=463"},"modified":"2020-02-14T19:06:26","modified_gmt":"2020-02-14T18:06:26","slug":"chemin-mere-agnes","status":"publish","type":"page","link":"https:\/\/dominicaineslangeac.fr\/index.php\/agnes-de-langeac\/chemin-mere-agnes\/","title":{"rendered":"Chemin M\u00e8re Agn\u00e8s"},"content":{"rendered":"<p><img data-recalc-dims=\"1\" loading=\"lazy\" decoding=\"async\" data-attachment-id=\"323\" data-permalink=\"https:\/\/dominicaineslangeac.fr\/index.php\/aamdl\/amisdumonastere2015\/\" data-orig-file=\"https:\/\/i0.wp.com\/dominicaineslangeac.fr\/wp-content\/uploads\/2016\/08\/amisdumonastere2015.png?fit=700%2C241&amp;ssl=1\" data-orig-size=\"700,241\" data-comments-opened=\"0\" data-image-meta=\"{&quot;aperture&quot;:&quot;0&quot;,&quot;credit&quot;:&quot;&quot;,&quot;camera&quot;:&quot;&quot;,&quot;caption&quot;:&quot;&quot;,&quot;created_timestamp&quot;:&quot;0&quot;,&quot;copyright&quot;:&quot;&quot;,&quot;focal_length&quot;:&quot;0&quot;,&quot;iso&quot;:&quot;0&quot;,&quot;shutter_speed&quot;:&quot;0&quot;,&quot;title&quot;:&quot;&quot;,&quot;orientation&quot;:&quot;0&quot;}\" data-image-title=\"En marche !\" data-image-description=\"\" data-image-caption=\"\" data-large-file=\"https:\/\/i0.wp.com\/dominicaineslangeac.fr\/wp-content\/uploads\/2016\/08\/amisdumonastere2015.png?fit=700%2C241&amp;ssl=1\" class=\"alignnone wp-image-323 size-full\" src=\"https:\/\/i0.wp.com\/dominicaineslangeac.fr\/wp-content\/uploads\/2016\/08\/amisdumonastere2015.png?resize=700%2C241\" width=\"700\" height=\"241\" srcset=\"https:\/\/i0.wp.com\/dominicaineslangeac.fr\/wp-content\/uploads\/2016\/08\/amisdumonastere2015.png?w=700&amp;ssl=1 700w, https:\/\/i0.wp.com\/dominicaineslangeac.fr\/wp-content\/uploads\/2016\/08\/amisdumonastere2015.png?resize=300%2C103&amp;ssl=1 300w\" sizes=\"auto, (max-width: 700px) 100vw, 700px\" \/><\/p>\n<p><em>Du Puy en Velay \u00e0 Langeac\u00a0<\/em><em>sur les pas d\u2019une mystique\u00a0<\/em><em>du Grand si\u00e8cle.<\/em><\/p>\n<p>Agn\u00e8s de J\u00e9sus Galand (Le Puy-en-Velay 1602\u00a0&#8211;\u00a0Langeac 1634) fut tertiaire dominicaine au Puy avant d\u2019entrer au monast\u00e8re de Langeac. Toute la vie d\u2019Agn\u00e8s est un enseignement, la pr\u00e9cocit\u00e9 de sa cons\u00e9cration \u00e0 Marie et son v\u0153u de virginit\u00e9, la surabondance des gr\u00e2ces mystiques, sa pri\u00e8re continuelle, ses p\u00e9nitences, sa disponibilit\u00e9 enti\u00e8re \u00e0 Dieu, sa volont\u00e9 de demeurer en sa pr\u00e9sence. Elle manifesta une sollicitude particuli\u00e8re pour les pauvres, les futures mamans et la formation des pr\u00eatres.<\/p>\n<p>Le parcours entre Le Puy et Langeac qui furent ses deux lieux de vie peut devenir, pour ceux qui le souhaitent, un parcours spirituel avec Agn\u00e8s dans sa qu\u00eate d\u2019absolu.<\/p>\n<p style=\"padding-left: 40px;\"><span style=\"font-size: 18pt;\">Fiches\u00a0 T\u00e9l\u00e9chargeables<\/span><\/p>\n<ul>\n<li><strong>Pr\u00e9lude au Puy-en Velay <a href=\"http:\/\/dominicaineslangeac.fr\/wp-content\/uploads\/2020\/02\/FicheRando-m\u00e8re-agnes_prelude.pdf\">FicheRando-m\u00e8re agnes_prelude<\/a><\/strong><br \/>2,7 km &#8211; 2h00<br \/>Une premi\u00e8re journ\u00e9e \u00e0 la d\u00e9couverte de la ville historique du Puy-en Velay<br \/>o\u00f9 la vie d&rsquo;Agn\u00e8s se r\u00e9v\u00e8le au d\u00e9tour des rues &#8230;<\/li>\n<\/ul>\n<ul>\n<li><strong>\u00c9tape 1 : Du Puy en Velay \u00e0 Loudes <a href=\"http:\/\/dominicaineslangeac.fr\/wp-content\/uploads\/2020\/02\/FicheRando-m\u00e8re-agnes_Etape_1.pdf\">FicheRando-m\u00e8re agnes_Etape_1<\/a><\/strong><br \/>16,5 km &#8211; 5h00<br \/>Au d\u00e9part d&rsquo;Aiguilhe, cette premi\u00e8re \u00e9tape<br \/>vous entra\u00eene \u00e0 a d\u00e9couverte du Velay volcanique et de son riche patrimoine b\u00e2ti &#8230;<\/li>\n<\/ul>\n<ul>\n<li><strong>\u00c9tape 2 : De Loudes \u00e0 Siaugues-Sainte-Marie <a href=\"http:\/\/dominicaineslangeac.fr\/wp-content\/uploads\/2020\/02\/FicheRando-m\u00e8re-agnes_Etape_2.pdf\">FicheRando-m\u00e8re agnes_Etape_2<\/a><\/strong><br \/>14,7 km &#8211; 5h00<br \/>Le Velay laisse la place au plateau du Dev\u00e8s<br \/>o\u00f9 les petits villages et les murets de pierre \u00e9gr\u00e8nent le paysage.<\/li>\n<\/ul>\n<ul>\n<li><strong>\u00c9tape 3 : \u00a0De Siaugues-Sainte-Marie \u00e0 Saint-Arcons-d&rsquo;Allier <a href=\"http:\/\/dominicaineslangeac.fr\/wp-content\/uploads\/2020\/02\/FicheRando-m\u00e8re-agnes_Etape_3.pdf\">FicheRando-m\u00e8re agnes_Etape_3<\/a><\/strong><br \/>15,3 km &#8211; 5h00<br \/>Une \u00e9tape marqu\u00e9e par l&rsquo;ocre de la terre volcanique<br \/>et par les nombreux \u00e9l\u00e9ments de patrimoine rencontr\u00e9s sur le chemin.<\/li>\n<\/ul>\n<ul>\n<li><strong>Etape 4 : De Saint-Arcons-d&rsquo;Allier \u00e0 Langeac <a href=\"http:\/\/dominicaineslangeac.fr\/wp-content\/uploads\/2020\/02\/FicheRando-m\u00e8re-agnes_Etape_4.pdf\">FicheRando-m\u00e8re agnes_Etape_4<\/a><br \/><\/strong>8,4 km &#8211; 2h45<br \/>Les gorges de l&rsquo;Allier et les villages perch\u00e9s de Saint-Arcons-d&rsquo;Allier et Chanteuges<br \/>seront les points d&rsquo;orgues de cette derni\u00e8re journ\u00e9e.<\/li>\n<\/ul>\n<p>\u00a0<\/p>\n<ul>\n<li><strong>Etape 4 bis : De Saint-Arcons-d&rsquo;Allier \u00e0 Langeac via Pebrac <a href=\"http:\/\/dominicaineslangeac.fr\/wp-content\/uploads\/2020\/02\/FicheRando-m\u00e8re-agnes_Etape_4b.pdf\">FicheRando-m\u00e8re agnes_Etape_4b<\/a><\/strong><\/li>\n<\/ul>\n<p style=\"padding-left: 40px;\">19 km &#8211; 5h<\/p>\n<p style=\"padding-left: 40px;\">Une longue marche pour clore ce p\u00e8lerinage, ici dans les pas des fondateurs des abbayes de Chanteuges perch\u00e9e \u00e0 la confluence de la Desges et de l&rsquo;Allier, P\u00e9brac repli\u00e9e au c\u0153ur de la vall\u00e9e de la Desges.<\/p>\n<p>\u00a0<\/p>\n<p><img data-recalc-dims=\"1\" loading=\"lazy\" decoding=\"async\" data-attachment-id=\"823\" data-permalink=\"https:\/\/dominicaineslangeac.fr\/index.php\/agnes-de-langeac\/chemin-mere-agnes\/minolta-dsc-11\/\" data-orig-file=\"https:\/\/i0.wp.com\/dominicaineslangeac.fr\/wp-content\/uploads\/2017\/02\/Promenade-5.jpg?fit=2560%2C1920&amp;ssl=1\" data-orig-size=\"2560,1920\" data-comments-opened=\"0\" data-image-meta=\"{&quot;aperture&quot;:&quot;3.5&quot;,&quot;credit&quot;:&quot;&quot;,&quot;camera&quot;:&quot;DiMAGE 7Hi&quot;,&quot;caption&quot;:&quot;Minolta DSC&quot;,&quot;created_timestamp&quot;:&quot;1310994780&quot;,&quot;copyright&quot;:&quot;&quot;,&quot;focal_length&quot;:&quot;49.875&quot;,&quot;iso&quot;:&quot;100&quot;,&quot;shutter_speed&quot;:&quot;0.004&quot;,&quot;title&quot;:&quot;Minolta DSC&quot;,&quot;orientation&quot;:&quot;1&quot;}\" data-image-title=\"Promenade\" data-image-description=\"\" data-image-caption=\"\" data-large-file=\"https:\/\/i0.wp.com\/dominicaineslangeac.fr\/wp-content\/uploads\/2017\/02\/Promenade-5.jpg?fit=700%2C525&amp;ssl=1\" class=\"wp-image-823 size-medium aligncenter\" src=\"https:\/\/i0.wp.com\/dominicaineslangeac.fr\/wp-content\/uploads\/2017\/02\/Promenade-5-300x225.jpg?resize=300%2C225\" width=\"300\" height=\"225\" srcset=\"https:\/\/i0.wp.com\/dominicaineslangeac.fr\/wp-content\/uploads\/2017\/02\/Promenade-5.jpg?resize=300%2C225&amp;ssl=1 300w, https:\/\/i0.wp.com\/dominicaineslangeac.fr\/wp-content\/uploads\/2017\/02\/Promenade-5.jpg?resize=768%2C576&amp;ssl=1 768w, https:\/\/i0.wp.com\/dominicaineslangeac.fr\/wp-content\/uploads\/2017\/02\/Promenade-5.jpg?resize=700%2C525&amp;ssl=1 700w, https:\/\/i0.wp.com\/dominicaineslangeac.fr\/wp-content\/uploads\/2017\/02\/Promenade-5.jpg?w=2340&amp;ssl=1 2340w\" sizes=\"auto, (max-width: 300px) 100vw, 300px\" \/><\/p>\n<p>\u00a0<\/p>\n\n\n<p><\/p>\n","protected":false},"excerpt":{"rendered":"<p>Du Puy en Velay \u00e0 Langeac\u00a0sur les pas d\u2019une mystique\u00a0du Grand si\u00e8cle. Agn\u00e8s de J\u00e9sus Galand (Le Puy-en-Velay 1602\u00a0&#8211;\u00a0Langeac 1634) fut tertiaire dominicaine au Puy avant d\u2019entrer au monast\u00e8re de Langeac. Toute la vie d\u2019Agn\u00e8s est un enseignement, la pr\u00e9cocit\u00e9 de sa cons\u00e9cration \u00e0 Marie et son v\u0153u de virginit\u00e9, la surabondance des gr\u00e2ces mystiques, [&hellip;]<\/p>\n","protected":false},"author":1,"featured_media":823,"parent":2,"menu_order":10,"comment_status":"closed","ping_status":"closed","template":"","meta":{"advanced_seo_description":"","jetpack_seo_html_title":"","jetpack_seo_noindex":false,"jetpack_post_was_ever_published":false,"footnotes":""},"class_list":["post-463","page","type-page","status-publish","has-post-thumbnail","czr-hentry"],"jetpack_sharing_enabled":true,"jetpack_shortlink":"https:\/\/wp.me\/P7P1cC-7t","jetpack-related-posts":[{"id":418,"url":"https:\/\/dominicaineslangeac.fr\/index.php\/agnes-de-langeac\/la-vie-dagnes-de-langeac\/","url_meta":{"origin":463,"position":0},"title":"La vie de la bienheureuse Agn\u00e8s","author":"Monast\u00e8re Ste Catherine","date":"10 octobre 2016","format":false,"excerpt":"\u00a0Fond\u00e9e en 1623, la communaut\u00e9 compte parmi ses fondatrices une jeune fille du Puy en Velay, s\u0153ur Agn\u00e8s de J\u00e9sus Galand. N\u00e9e le 17 novembre 1602, elle est re\u00e7ue dans l\u2019Ordre de saint Dominique, comme tertiaire, en 1621. Elle aime \u00e0 entourer les futures mamans de sa sollicitude. En 1623,\u2026","rel":"","context":"Article similaire","block_context":{"text":"Article similaire","link":""},"img":{"alt_text":"","src":"https:\/\/i0.wp.com\/dominicaineslangeac.fr\/wp-content\/uploads\/2016\/10\/Bse-Agn%C3%A8s-de-Langeac-207x300.jpg?resize=350%2C200","width":350,"height":200},"classes":[]},{"id":245,"url":"https:\/\/dominicaineslangeac.fr\/index.php\/contact\/","url_meta":{"origin":463,"position":1},"title":"Contact","author":"Monast\u00e8re Ste Catherine","date":"22 ao\u00fbt 2016","format":false,"excerpt":"Localisation GPS de Langeac x\u00a0: 691166 \/\u00a0y\u00a0: 2011556 ou\u00a0Longitude 3\u00b0 29\u2019 40\u2019\u2019 E \/\u00a0Latitude 45\u00b0 05\u2019 55\u2019\u2019 N Venir en train De nombreux trains dont le Paris-Clermont-N\u00eemes \/ Marseille -N\u00eemes-Clermont desservent les Gorges de l\u2019Allier via Langeac + Liaisons TGV \u00e0 Saint-Etienne et Lyon via Le Puy-en-Velay Renseignements SNCF\u00a0:\u00a0\u00a0http:\/\/www.ter.sncf.com\/auvergne\u00a0 Venir\u2026","rel":"","context":"Article similaire","block_context":{"text":"Article similaire","link":""},"img":{"alt_text":"","src":"","width":0,"height":0},"classes":[]},{"id":850,"url":"https:\/\/dominicaineslangeac.fr\/index.php\/regle-de-vie\/histoire-du-monastere\/","url_meta":{"origin":463,"position":2},"title":"Histoire du Monast\u00e8re","author":"Monast\u00e8re Ste Catherine","date":"12 avril 2017","format":false,"excerpt":"La fondation du monast\u00e8re et son histoire se placent sous l\u2019angle du renouveau dominicain de la premi\u00e8re moiti\u00e9 du XVIIe si\u00e8cle en France. Trente-deux fondations voient le jour \u00e0 partir de deux souches, les monast\u00e8res de Sainte Catherine de Sienne de Toulouse et de Sainte Prax\u00e8de d\u2019Avignon. C\u2019est ce dernier\u2026","rel":"","context":"Article similaire","block_context":{"text":"Article similaire","link":""},"img":{"alt_text":"","src":"https:\/\/i0.wp.com\/dominicaineslangeac.fr\/wp-content\/uploads\/2016\/10\/The_Perugia_Altarpiece_Side_Panel_Depicting_St._Dominic.jpg?resize=350%2C200","width":350,"height":200},"classes":[]},{"id":80,"url":"https:\/\/dominicaineslangeac.fr\/index.php\/liens\/","url_meta":{"origin":463,"position":3},"title":"Liens","author":"Monast\u00e8re Ste Catherine","date":"20 ao\u00fbt 2016","format":false,"excerpt":"Liens dominicains F\u00e9d\u00e9ration Notre Dame des Pr\u00eacheurs (Moniales dominicaines fran\u00e7aies) Ordre des Pr\u00eacheurs Dominicains de la Province de France Dominicains de la Province de Toulouse Dominicaines du Puy Fraternit\u00e9s La\u00efques Dominicaines La retraite dans la ville D'autres liens catholiques Service des Moniales Aelf Conf\u00e9rence des Ev\u00eaques Dioc\u00e8se du Puy Historial\u2026","rel":"","context":"Article similaire","block_context":{"text":"Article similaire","link":""},"img":{"alt_text":"Christ de m\u00e8re Agn\u00e8s","src":"https:\/\/i0.wp.com\/dominicaineslangeac.fr\/wp-content\/uploads\/2016\/08\/Christ-de-m%C3%A8re-Agn%C3%A8s-695x1024.jpg?resize=350%2C200","width":350,"height":200},"classes":[]},{"id":6445,"url":"https:\/\/dominicaineslangeac.fr\/index.php\/jubile-2023\/programme-du-jubile\/","url_meta":{"origin":463,"position":4},"title":"Programme du Jubil\u00e9","author":"MONASTERE","date":"29 d\u00e9cembre 2022","format":false,"excerpt":"Dimanche 8 janvier ouverture de l\u2019ann\u00e9e jubilaire Messe solennelle de l\u2019Epiphanie, pr\u00e9sid\u00e9e par Mgr Yves Baumgarten, \u00e9v\u00eaque du Puy Mardi 4 avril V\u00eapres avec les pr\u00eatres du dioc\u00e8se au monast\u00e8re suivie de la messe Chrismale \u00e0 la coll\u00e9giale \u00e0 18h Dimanche 25 juin Journ\u00e9e des amis du monast\u00e8re et 10\u2026","rel":"","context":"Article similaire","block_context":{"text":"Article similaire","link":""},"img":{"alt_text":"","src":"","width":0,"height":0},"classes":[]},{"id":421,"url":"https:\/\/dominicaineslangeac.fr\/index.php\/agnes-de-langeac\/prieres-a-la-bienheureuse-agnes\/","url_meta":{"origin":463,"position":5},"title":"Pri\u00e8res \u00e0 la bienheureuse Agn\u00e8s","author":"Monast\u00e8re Ste Catherine","date":"10 octobre 2016","format":false,"excerpt":"Pri\u00e8re pour un enfant \u00e0 na\u00eetre Agn\u00e8s de J\u00e9sus, Ardente fille de saint Dominique, T\u00e9moin de la Bonne Nouvelle Et de la mis\u00e9ricorde de Dieu, Tu \u00e9tais pleine de compassion Et toujours si proche des besoins des autres. Maintenant que tu es au Ciel Contemplant la gloire de Dieu, Interc\u00e8de\u2026","rel":"","context":"Article similaire","block_context":{"text":"Article similaire","link":""},"img":{"alt_text":"","src":"https:\/\/i0.wp.com\/dominicaineslangeac.fr\/wp-content\/uploads\/2016\/08\/Agnes2-300x204.jpg?resize=350%2C200","width":350,"height":200},"classes":[]}],"_links":{"self":[{"href":"https:\/\/dominicaineslangeac.fr\/index.php\/wp-json\/wp\/v2\/pages\/463","targetHints":{"allow":["GET"]}}],"collection":[{"href":"https:\/\/dominicaineslangeac.fr\/index.php\/wp-json\/wp\/v2\/pages"}],"about":[{"href":"https:\/\/dominicaineslangeac.fr\/index.php\/wp-json\/wp\/v2\/types\/page"}],"author":[{"embeddable":true,"href":"https:\/\/dominicaineslangeac.fr\/index.php\/wp-json\/wp\/v2\/users\/1"}],"replies":[{"embeddable":true,"href":"https:\/\/dominicaineslangeac.fr\/index.php\/wp-json\/wp\/v2\/comments?post=463"}],"version-history":[{"count":21,"href":"https:\/\/dominicaineslangeac.fr\/index.php\/wp-json\/wp\/v2\/pages\/463\/revisions"}],"predecessor-version":[{"id":2317,"href":"https:\/\/dominicaineslangeac.fr\/index.php\/wp-json\/wp\/v2\/pages\/463\/revisions\/2317"}],"up":[{"embeddable":true,"href":"https:\/\/dominicaineslangeac.fr\/index.php\/wp-json\/wp\/v2\/pages\/2"}],"wp:featuredmedia":[{"embeddable":true,"href":"https:\/\/dominicaineslangeac.fr\/index.php\/wp-json\/wp\/v2\/media\/823"}],"wp:attachment":[{"href":"https:\/\/dominicaineslangeac.fr\/index.php\/wp-json\/wp\/v2\/media?parent=463"}],"curies":[{"name":"wp","href":"https:\/\/api.w.org\/{rel}","templated":true}]}}