{"id":452,"date":"2017-02-18T17:07:48","date_gmt":"2017-02-18T16:07:48","guid":{"rendered":"http:\/\/dominicaineslangeac.fr\/?page_id=452"},"modified":"2017-04-22T14:24:52","modified_gmt":"2017-04-22T13:24:52","slug":"imprimerie-2","status":"publish","type":"page","link":"https:\/\/dominicaineslangeac.fr\/index.php\/nos-activites\/imprimerie-2\/","title":{"rendered":"Imprimerie"},"content":{"rendered":"<div id=\"attachment_472\" style=\"width: 1034px\" class=\"wp-caption alignnone\"><img data-recalc-dims=\"1\" loading=\"lazy\" decoding=\"async\" aria-describedby=\"caption-attachment-472\" data-attachment-id=\"472\" data-permalink=\"https:\/\/dominicaineslangeac.fr\/index.php\/nos-activites\/imprimerie-2\/attachment\/44\/\" data-orig-file=\"https:\/\/i0.wp.com\/dominicaineslangeac.fr\/wp-content\/uploads\/2017\/02\/44-e1487583089698.jpg?fit=1990%2C930&amp;ssl=1\" data-orig-size=\"1990,930\" data-comments-opened=\"0\" data-image-meta=\"{&quot;aperture&quot;:&quot;2.7&quot;,&quot;credit&quot;:&quot;&quot;,&quot;camera&quot;:&quot;Canon PowerShot A3000 IS&quot;,&quot;caption&quot;:&quot;&quot;,&quot;created_timestamp&quot;:&quot;1414665125&quot;,&quot;copyright&quot;:&quot;&quot;,&quot;focal_length&quot;:&quot;6.2&quot;,&quot;iso&quot;:&quot;200&quot;,&quot;shutter_speed&quot;:&quot;0.066666666666667&quot;,&quot;title&quot;:&quot;&quot;,&quot;orientation&quot;:&quot;1&quot;}\" data-image-title=\"Atelier de l&amp;rsquo;impression\" data-image-description=\"\" data-image-caption=\"\" data-large-file=\"https:\/\/i0.wp.com\/dominicaineslangeac.fr\/wp-content\/uploads\/2017\/02\/44-e1487583089698.jpg?fit=700%2C327&amp;ssl=1\" class=\"wp-image-472 size-large\" src=\"https:\/\/i0.wp.com\/dominicaineslangeac.fr\/wp-content\/uploads\/2017\/02\/44-e1487583089698-1024x479.jpg?resize=1024%2C479\" width=\"1024\" height=\"479\" srcset=\"https:\/\/i0.wp.com\/dominicaineslangeac.fr\/wp-content\/uploads\/2017\/02\/44-e1487583089698.jpg?resize=1024%2C479&amp;ssl=1 1024w, https:\/\/i0.wp.com\/dominicaineslangeac.fr\/wp-content\/uploads\/2017\/02\/44-e1487583089698.jpg?resize=300%2C140&amp;ssl=1 300w, https:\/\/i0.wp.com\/dominicaineslangeac.fr\/wp-content\/uploads\/2017\/02\/44-e1487583089698.jpg?resize=768%2C359&amp;ssl=1 768w, https:\/\/i0.wp.com\/dominicaineslangeac.fr\/wp-content\/uploads\/2017\/02\/44-e1487583089698.jpg?w=1990&amp;ssl=1 1990w\" sizes=\"auto, (max-width: 1024px) 100vw, 1024px\" \/><p id=\"caption-attachment-472\" class=\"wp-caption-text\">Atelier de l&rsquo;imprimerie<\/p><\/div>\n<p>&nbsp;<\/p>\n<ul>\n<li class=\"full-width\">\n<p class=\"paragraph_style_6\">impression num\u00e9rique noir et blanc et couleur<\/p>\n<\/li>\n<li class=\"full-width\">\n<p class=\"paragraph_style_6\">livres, revues, plaquettes<\/p>\n<\/li>\n<li class=\"full-width\">\n<p class=\"paragraph_style_6\">cartes de visite, de pr\u00e9sentation<\/p>\n<\/li>\n<li class=\"full-width\">\n<p class=\"paragraph_style_6\">faire-part classiques de mariage et<br \/>\nde naissance<\/p>\n<\/li>\n<li class=\"full-width\">\n<p class=\"paragraph_style_6\">en-t\u00eates, factures, tracts et d\u00e9pliants<\/p>\n<\/li>\n<li class=\"full-width\">\n<p class=\"paragraph_style_6\">reprographie couleur et noir et blanc<\/p>\n<\/li>\n<li class=\"full-width\">\n<p class=\"paragraph_style_6\">reliure<\/p>\n<\/li>\n<li class=\"full-width\">\n<p class=\"paragraph_style_6\">routage<\/p>\n<\/li>\n<\/ul>\n<hr \/>\n<p style=\"text-align: center;\"><strong>Contacter l&rsquo;imprimerie: \u00a0\u00a0<\/strong><br \/>\n<img data-recalc-dims=\"1\" loading=\"lazy\" decoding=\"async\" data-attachment-id=\"752\" data-permalink=\"https:\/\/dominicaineslangeac.fr\/index.php\/nos-activites\/imprimerie-2\/mise-en-page-1\/\" data-orig-file=\"https:\/\/i0.wp.com\/dominicaineslangeac.fr\/wp-content\/uploads\/2017\/02\/Imprimeri_coord.jpg?fit=300%2C60&amp;ssl=1\" data-orig-size=\"300,60\" data-comments-opened=\"0\" data-image-meta=\"{&quot;aperture&quot;:&quot;0&quot;,&quot;credit&quot;:&quot;&quot;,&quot;camera&quot;:&quot;&quot;,&quot;caption&quot;:&quot;&quot;,&quot;created_timestamp&quot;:&quot;1362236468&quot;,&quot;copyright&quot;:&quot;&quot;,&quot;focal_length&quot;:&quot;0&quot;,&quot;iso&quot;:&quot;0&quot;,&quot;shutter_speed&quot;:&quot;0&quot;,&quot;title&quot;:&quot;Mise en page 1&quot;,&quot;orientation&quot;:&quot;1&quot;}\" data-image-title=\"Mise en page 1\" data-image-description=\"\" data-image-caption=\"\" data-large-file=\"https:\/\/i0.wp.com\/dominicaineslangeac.fr\/wp-content\/uploads\/2017\/02\/Imprimeri_coord.jpg?fit=300%2C60&amp;ssl=1\" class=\"wp-image-752 size-full aligncenter\" src=\"https:\/\/i0.wp.com\/dominicaineslangeac.fr\/wp-content\/uploads\/2017\/02\/Imprimeri_coord.jpg?resize=300%2C60\" width=\"300\" height=\"60\" \/><\/p>\n<p>&nbsp;<\/p>\n<p><img data-recalc-dims=\"1\" loading=\"lazy\" decoding=\"async\" data-attachment-id=\"800\" data-permalink=\"https:\/\/dominicaineslangeac.fr\/index.php\/nos-activites\/imprimerie-2\/atelier-1\/\" data-orig-file=\"https:\/\/i0.wp.com\/dominicaineslangeac.fr\/wp-content\/uploads\/2017\/02\/atelier-1.jpg?fit=3648%2C2048&amp;ssl=1\" data-orig-size=\"3648,2048\" data-comments-opened=\"0\" data-image-meta=\"{&quot;aperture&quot;:&quot;2.7&quot;,&quot;credit&quot;:&quot;&quot;,&quot;camera&quot;:&quot;Canon PowerShot A3000 IS&quot;,&quot;caption&quot;:&quot;&quot;,&quot;created_timestamp&quot;:&quot;1414055827&quot;,&quot;copyright&quot;:&quot;&quot;,&quot;focal_length&quot;:&quot;6.2&quot;,&quot;iso&quot;:&quot;400&quot;,&quot;shutter_speed&quot;:&quot;0.04&quot;,&quot;title&quot;:&quot;&quot;,&quot;orientation&quot;:&quot;1&quot;}\" data-image-title=\"atelier 1\" data-image-description=\"\" data-image-caption=\"\" data-large-file=\"https:\/\/i0.wp.com\/dominicaineslangeac.fr\/wp-content\/uploads\/2017\/02\/atelier-1.jpg?fit=700%2C393&amp;ssl=1\" class=\"aligncenter wp-image-800 size-large\" src=\"https:\/\/i0.wp.com\/dominicaineslangeac.fr\/wp-content\/uploads\/2017\/02\/atelier-1-700x393.jpg?resize=700%2C393\" width=\"700\" height=\"393\" srcset=\"https:\/\/i0.wp.com\/dominicaineslangeac.fr\/wp-content\/uploads\/2017\/02\/atelier-1.jpg?resize=700%2C393&amp;ssl=1 700w, https:\/\/i0.wp.com\/dominicaineslangeac.fr\/wp-content\/uploads\/2017\/02\/atelier-1.jpg?resize=300%2C168&amp;ssl=1 300w, https:\/\/i0.wp.com\/dominicaineslangeac.fr\/wp-content\/uploads\/2017\/02\/atelier-1.jpg?resize=768%2C431&amp;ssl=1 768w, https:\/\/i0.wp.com\/dominicaineslangeac.fr\/wp-content\/uploads\/2017\/02\/atelier-1.jpg?resize=100%2C55&amp;ssl=1 100w, https:\/\/i0.wp.com\/dominicaineslangeac.fr\/wp-content\/uploads\/2017\/02\/atelier-1.jpg?w=2340&amp;ssl=1 2340w, https:\/\/i0.wp.com\/dominicaineslangeac.fr\/wp-content\/uploads\/2017\/02\/atelier-1.jpg?w=3510&amp;ssl=1 3510w\" sizes=\"auto, (max-width: 700px) 100vw, 700px\" \/><\/p>\n<p>&nbsp;<\/p>\n","protected":false},"excerpt":{"rendered":"<p>&nbsp; impression num\u00e9rique noir et blanc et couleur livres, revues, plaquettes cartes de visite, de pr\u00e9sentation faire-part classiques de mariage et de naissance en-t\u00eates, factures, tracts et d\u00e9pliants reprographie couleur et noir et blanc reliure routage Contacter l&rsquo;imprimerie: \u00a0\u00a0 &nbsp; &nbsp;<\/p>\n","protected":false},"author":1,"featured_media":472,"parent":7,"menu_order":2,"comment_status":"closed","ping_status":"closed","template":"","meta":{"advanced_seo_description":"","jetpack_seo_html_title":"","jetpack_seo_noindex":false,"jetpack_post_was_ever_published":false,"footnotes":""},"class_list":["post-452","page","type-page","status-publish","has-post-thumbnail","czr-hentry"],"jetpack_sharing_enabled":true,"jetpack_shortlink":"https:\/\/wp.me\/P7P1cC-7i","jetpack-related-posts":[{"id":23,"url":"https:\/\/dominicaineslangeac.fr\/index.php\/nos-activites\/imprimerie\/","url_meta":{"origin":452,"position":0},"title":"Reliure artisanale traditionnelle","author":"Monast\u00e8re Ste Catherine","date":"20 f\u00e9vrier 2017","format":false,"excerpt":"\u00a0 Vous d\u00e9sirez conserver et mettre en valeur vos documents de travail. Vous aimez les beaux livres,\u00a0ou encore vous cherchez une id\u00e9e de cadeau. Une reliure solide, sobre en cuir ou en toile pour conserver tout ouvrage pr\u00e9cieux ou indispensable. Contacter l'atelier de reliure:","rel":"","context":"Article similaire","block_context":{"text":"Article similaire","link":""},"img":{"alt_text":"","src":"https:\/\/i0.wp.com\/dominicaineslangeac.fr\/wp-content\/uploads\/2016\/08\/DSC02542.jpg?fit=1200%2C900&ssl=1&resize=350%2C200","width":350,"height":200,"srcset":"https:\/\/i0.wp.com\/dominicaineslangeac.fr\/wp-content\/uploads\/2016\/08\/DSC02542.jpg?fit=1200%2C900&ssl=1&resize=350%2C200 1x, https:\/\/i0.wp.com\/dominicaineslangeac.fr\/wp-content\/uploads\/2016\/08\/DSC02542.jpg?fit=1200%2C900&ssl=1&resize=525%2C300 1.5x, https:\/\/i0.wp.com\/dominicaineslangeac.fr\/wp-content\/uploads\/2016\/08\/DSC02542.jpg?fit=1200%2C900&ssl=1&resize=700%2C400 2x, https:\/\/i0.wp.com\/dominicaineslangeac.fr\/wp-content\/uploads\/2016\/08\/DSC02542.jpg?fit=1200%2C900&ssl=1&resize=1050%2C600 3x"},"classes":[]},{"id":469,"url":"https:\/\/dominicaineslangeac.fr\/index.php\/nos-activites\/icones_dominicaines\/","url_meta":{"origin":452,"position":1},"title":"Ic\u00f4nes \u00ab\u00a0dominicaines\u00a0\u00bb","author":"Monast\u00e8re Ste Catherine","date":"20 f\u00e9vrier 2017","format":false,"excerpt":"Nouvelle icone \"M\u00e8re Agn\u00e8s\" \u00e9crite pour la communaut\u00e9 par une soeur dominicaine \u00e0 Langeac : Deux ic\u00f4nes du Jubil\u00e9 dominicain (2015-2017), \u00e9crites par une dominicaine \u00e0 Langeac Saint Dominique, Maison Seilhan,\u00a0 (2018) ch\u00eane fonc\u00e9 Vente Carte postale : 1 \u20ac Les ic\u00f4nes sont vendues coll\u00e9es sur bois : Petit format\u2026","rel":"","context":"Article similaire","block_context":{"text":"Article similaire","link":""},"img":{"alt_text":"","src":"https:\/\/i0.wp.com\/dominicaineslangeac.fr\/wp-content\/uploads\/2017\/02\/mereagnes-pt-225x300.jpg?resize=350%2C200","width":350,"height":200},"classes":[]},{"id":850,"url":"https:\/\/dominicaineslangeac.fr\/index.php\/regle-de-vie\/histoire-du-monastere\/","url_meta":{"origin":452,"position":2},"title":"Histoire du Monast\u00e8re","author":"Monast\u00e8re Ste Catherine","date":"12 avril 2017","format":false,"excerpt":"La fondation du monast\u00e8re et son histoire se placent sous l\u2019angle du renouveau dominicain de la premi\u00e8re moiti\u00e9 du XVIIe si\u00e8cle en France. Trente-deux fondations voient le jour \u00e0 partir de deux souches, les monast\u00e8res de Sainte Catherine de Sienne de Toulouse et de Sainte Prax\u00e8de d\u2019Avignon. C\u2019est ce dernier\u2026","rel":"","context":"Article similaire","block_context":{"text":"Article similaire","link":""},"img":{"alt_text":"","src":"https:\/\/i0.wp.com\/dominicaineslangeac.fr\/wp-content\/uploads\/2016\/10\/The_Perugia_Altarpiece_Side_Panel_Depicting_St._Dominic.jpg?resize=350%2C200","width":350,"height":200},"classes":[]}],"_links":{"self":[{"href":"https:\/\/dominicaineslangeac.fr\/index.php\/wp-json\/wp\/v2\/pages\/452","targetHints":{"allow":["GET"]}}],"collection":[{"href":"https:\/\/dominicaineslangeac.fr\/index.php\/wp-json\/wp\/v2\/pages"}],"about":[{"href":"https:\/\/dominicaineslangeac.fr\/index.php\/wp-json\/wp\/v2\/types\/page"}],"author":[{"embeddable":true,"href":"https:\/\/dominicaineslangeac.fr\/index.php\/wp-json\/wp\/v2\/users\/1"}],"replies":[{"embeddable":true,"href":"https:\/\/dominicaineslangeac.fr\/index.php\/wp-json\/wp\/v2\/comments?post=452"}],"version-history":[{"count":11,"href":"https:\/\/dominicaineslangeac.fr\/index.php\/wp-json\/wp\/v2\/pages\/452\/revisions"}],"predecessor-version":[{"id":877,"href":"https:\/\/dominicaineslangeac.fr\/index.php\/wp-json\/wp\/v2\/pages\/452\/revisions\/877"}],"up":[{"embeddable":true,"href":"https:\/\/dominicaineslangeac.fr\/index.php\/wp-json\/wp\/v2\/pages\/7"}],"wp:featuredmedia":[{"embeddable":true,"href":"https:\/\/dominicaineslangeac.fr\/index.php\/wp-json\/wp\/v2\/media\/472"}],"wp:attachment":[{"href":"https:\/\/dominicaineslangeac.fr\/index.php\/wp-json\/wp\/v2\/media?parent=452"}],"curies":[{"name":"wp","href":"https:\/\/api.w.org\/{rel}","templated":true}]}}

<div id="attachment_472" style="width: 1034px" class="wp-caption alignnone"><img data-recalc-dims="1" loading="lazy" decoding="async" aria-describedby="caption-attachment-472" data-attachment-id="472" data-permalink="https://dominicaineslangeac.fr/index.php/nos-activites/imprimerie-2/attachment/44/" data-orig-file="https://i0.wp.com/dominicaineslangeac.fr/wp-content/uploads/2017/02/44-e1487583089698.jpg?fit=1990%2C930&amp;ssl=1" data-orig-size="1990,930" data-comments-opened="0" data-image-meta="{&quot;aperture&quot;:&quot;2.7&quot;,&quot;credit&quot;:&quot;&quot;,&quot;camera&quot;:&quot;Canon PowerShot A3000 IS&quot;,&quot;caption&quot;:&quot;&quot;,&quot;created_timestamp&quot;:&quot;1414665125&quot;,&quot;copyright&quot;:&quot;&quot;,&quot;focal_length&quot;:&quot;6.2&quot;,&quot;iso&quot;:&quot;200&quot;,&quot;shutter_speed&quot;:&quot;0.066666666666667&quot;,&quot;title&quot;:&quot;&quot;,&quot;orientation&quot;:&quot;1&quot;}" data-image-title="Atelier de l&amp;rsquo;impression" data-image-description="" data-image-caption="" data-large-file="https://i0.wp.com/dominicaineslangeac.fr/wp-content/uploads/2017/02/44-e1487583089698.jpg?fit=700%2C327&amp;ssl=1" class="wp-image-472 size-large" src="https://i0.wp.com/dominicaineslangeac.fr/wp-content/uploads/2017/02/44-e1487583089698-1024x479.jpg?resize=1024%2C479" width="1024" height="479" srcset="https://i0.wp.com/dominicaineslangeac.fr/wp-content/uploads/2017/02/44-e1487583089698.jpg?resize=1024%2C479&amp;ssl=1 1024w, https://i0.wp.com/dominicaineslangeac.fr/wp-content/uploads/2017/02/44-e1487583089698.jpg?resize=300%2C140&amp;ssl=1 300w, https://i0.wp.com/dominicaineslangeac.fr/wp-content/uploads/2017/02/44-e1487583089698.jpg?resize=768%2C359&amp;ssl=1 768w, https://i0.wp.com/dominicaineslangeac.fr/wp-content/uploads/2017/02/44-e1487583089698.jpg?w=1990&amp;ssl=1 1990w" sizes="auto, (max-width: 1024px) 100vw, 1024px" /><p id="caption-attachment-472" class="wp-caption-text">Atelier de l&rsquo;imprimerie</p></div>
<p>&nbsp;</p>
<ul>
<li class="full-width">
<p class="paragraph_style_6">impression numérique noir et blanc et couleur</p>
</li>
<li class="full-width">
<p class="paragraph_style_6">livres, revues, plaquettes</p>
</li>
<li class="full-width">
<p class="paragraph_style_6">cartes de visite, de présentation</p>
</li>
<li class="full-width">
<p class="paragraph_style_6">faire-part classiques de mariage et<br />
de naissance</p>
</li>
<li class="full-width">
<p class="paragraph_style_6">en-têtes, factures, tracts et dépliants</p>
</li>
<li class="full-width">
<p class="paragraph_style_6">reprographie couleur et noir et blanc</p>
</li>
<li class="full-width">
<p class="paragraph_style_6">reliure</p>
</li>
<li class="full-width">
<p class="paragraph_style_6">routage</p>
</li>
</ul>
<hr />
<p style="text-align: center;"><strong>Contacter l&rsquo;imprimerie:   </strong><br />
<img data-recalc-dims="1" loading="lazy" decoding="async" data-attachment-id="752" data-permalink="https://dominicaineslangeac.fr/index.php/nos-activites/imprimerie-2/mise-en-page-1/" data-orig-file="https://i0.wp.com/dominicaineslangeac.fr/wp-content/uploads/2017/02/Imprimeri_coord.jpg?fit=300%2C60&amp;ssl=1" data-orig-size="300,60" data-comments-opened="0" data-image-meta="{&quot;aperture&quot;:&quot;0&quot;,&quot;credit&quot;:&quot;&quot;,&quot;camera&quot;:&quot;&quot;,&quot;caption&quot;:&quot;&quot;,&quot;created_timestamp&quot;:&quot;1362236468&quot;,&quot;copyright&quot;:&quot;&quot;,&quot;focal_length&quot;:&quot;0&quot;,&quot;iso&quot;:&quot;0&quot;,&quot;shutter_speed&quot;:&quot;0&quot;,&quot;title&quot;:&quot;Mise en page 1&quot;,&quot;orientation&quot;:&quot;1&quot;}" data-image-title="Mise en page 1" data-image-description="" data-image-caption="" data-large-file="https://i0.wp.com/dominicaineslangeac.fr/wp-content/uploads/2017/02/Imprimeri_coord.jpg?fit=300%2C60&amp;ssl=1" class="wp-image-752 size-full aligncenter" src="https://i0.wp.com/dominicaineslangeac.fr/wp-content/uploads/2017/02/Imprimeri_coord.jpg?resize=300%2C60" width="300" height="60" /></p>
<p>&nbsp;</p>
<p><img data-recalc-dims="1" loading="lazy" decoding="async" data-attachment-id="800" data-permalink="https://dominicaineslangeac.fr/index.php/nos-activites/imprimerie-2/atelier-1/" data-orig-file="https://i0.wp.com/dominicaineslangeac.fr/wp-content/uploads/2017/02/atelier-1.jpg?fit=3648%2C2048&amp;ssl=1" data-orig-size="3648,2048" data-comments-opened="0" data-image-meta="{&quot;aperture&quot;:&quot;2.7&quot;,&quot;credit&quot;:&quot;&quot;,&quot;camera&quot;:&quot;Canon PowerShot A3000 IS&quot;,&quot;caption&quot;:&quot;&quot;,&quot;created_timestamp&quot;:&quot;1414055827&quot;,&quot;copyright&quot;:&quot;&quot;,&quot;focal_length&quot;:&quot;6.2&quot;,&quot;iso&quot;:&quot;400&quot;,&quot;shutter_speed&quot;:&quot;0.04&quot;,&quot;title&quot;:&quot;&quot;,&quot;orientation&quot;:&quot;1&quot;}" data-image-title="atelier 1" data-image-description="" data-image-caption="" data-large-file="https://i0.wp.com/dominicaineslangeac.fr/wp-content/uploads/2017/02/atelier-1.jpg?fit=700%2C393&amp;ssl=1" class="aligncenter wp-image-800 size-large" src="https://i0.wp.com/dominicaineslangeac.fr/wp-content/uploads/2017/02/atelier-1-700x393.jpg?resize=700%2C393" width="700" height="393" srcset="https://i0.wp.com/dominicaineslangeac.fr/wp-content/uploads/2017/02/atelier-1.jpg?resize=700%2C393&amp;ssl=1 700w, https://i0.wp.com/dominicaineslangeac.fr/wp-content/uploads/2017/02/atelier-1.jpg?resize=300%2C168&amp;ssl=1 300w, https://i0.wp.com/dominicaineslangeac.fr/wp-content/uploads/2017/02/atelier-1.jpg?resize=768%2C431&amp;ssl=1 768w, https://i0.wp.com/dominicaineslangeac.fr/wp-content/uploads/2017/02/atelier-1.jpg?resize=100%2C55&amp;ssl=1 100w, https://i0.wp.com/dominicaineslangeac.fr/wp-content/uploads/2017/02/atelier-1.jpg?w=2340&amp;ssl=1 2340w, https://i0.wp.com/dominicaineslangeac.fr/wp-content/uploads/2017/02/atelier-1.jpg?w=3510&amp;ssl=1 3510w" sizes="auto, (max-width: 700px) 100vw, 700px" /></p>
<p>&nbsp;</p>

<p>&nbsp; impression numérique noir et blanc et couleur livres, revues, plaquettes cartes de visite, de présentation faire-part classiques de mariage et de naissance en-têtes, factures, tracts et dépliants reprographie couleur et noir et blanc reliure routage Contacter l&rsquo;imprimerie:    &nbsp; &nbsp;</p>

Monastère Ste Catherine

20 février 2017

Vous désirez conserver et mettre en valeur vos documents de travail. Vous aimez les beaux livres, ou encore vous cherchez une idée de cadeau. Une reliure solide, sobre en cuir ou en toile pour conserver tout ouvrage précieux ou indispensable. Contacter l'atelier de reliure:

Icônes « dominicaines »

Nouvelle icone "Mère Agnès" écrite pour la communauté par une soeur dominicaine à Langeac : Deux icônes du Jubilé dominicain (2015-2017), écrites par une dominicaine à Langeac Saint Dominique, Maison Seilhan,  (2018) chêne foncé Vente Carte postale : 1 € Les icônes sont vendues collées sur bois : Petit format…

Histoire du Monastère

La fondation du monastère et son histoire se placent sous l’angle du renouveau dominicain de la première moitié du XVIIe siècle en France. Trente-deux fondations voient le jour à partir de deux souches, les monastères de Sainte Catherine de Sienne de Toulouse et de Sainte Praxède d’Avignon. C’est ce dernier…
