{"id":418,"date":"2016-10-10T19:05:34","date_gmt":"2016-10-10T18:05:34","guid":{"rendered":"http:\/\/dominicaineslangeac.fr\/?page_id=418"},"modified":"2017-03-15T11:15:01","modified_gmt":"2017-03-15T10:15:01","slug":"la-vie-dagnes-de-langeac","status":"publish","type":"page","link":"https:\/\/dominicaineslangeac.fr\/index.php\/agnes-de-langeac\/la-vie-dagnes-de-langeac\/","title":{"rendered":"La vie de la bienheureuse Agn\u00e8s"},"content":{"rendered":"<p class=\"paragraph_style_1\">\u00a0<img data-recalc-dims=\"1\" loading=\"lazy\" decoding=\"async\" data-attachment-id=\"553\" data-permalink=\"https:\/\/dominicaineslangeac.fr\/index.php\/agnes-de-langeac\/la-vie-dagnes-de-langeac\/bse-agnes-de-langeac-2\/\" data-orig-file=\"https:\/\/i0.wp.com\/dominicaineslangeac.fr\/wp-content\/uploads\/2016\/10\/Bse-Agn%C3%A8s-de-Langeac.jpg?fit=1181%2C1713&amp;ssl=1\" data-orig-size=\"1181,1713\" data-comments-opened=\"0\" data-image-meta=\"{&quot;aperture&quot;:&quot;0&quot;,&quot;credit&quot;:&quot;&quot;,&quot;camera&quot;:&quot;&quot;,&quot;caption&quot;:&quot;&quot;,&quot;created_timestamp&quot;:&quot;0&quot;,&quot;copyright&quot;:&quot;&quot;,&quot;focal_length&quot;:&quot;0&quot;,&quot;iso&quot;:&quot;0&quot;,&quot;shutter_speed&quot;:&quot;0&quot;,&quot;title&quot;:&quot;&quot;,&quot;orientation&quot;:&quot;1&quot;}\" data-image-title=\"Bse Agn\u00e8s de Langeac\" data-image-description=\"\" data-image-caption=\"\" data-large-file=\"https:\/\/i0.wp.com\/dominicaineslangeac.fr\/wp-content\/uploads\/2016\/10\/Bse-Agn%C3%A8s-de-Langeac.jpg?fit=700%2C1015&amp;ssl=1\" class=\"alignleft wp-image-553 size-medium\" src=\"https:\/\/i0.wp.com\/dominicaineslangeac.fr\/wp-content\/uploads\/2016\/10\/Bse-Agn%C3%A8s-de-Langeac-207x300.jpg?resize=207%2C300\" width=\"207\" height=\"300\" srcset=\"https:\/\/i0.wp.com\/dominicaineslangeac.fr\/wp-content\/uploads\/2016\/10\/Bse-Agn%C3%A8s-de-Langeac.jpg?resize=207%2C300&amp;ssl=1 207w, https:\/\/i0.wp.com\/dominicaineslangeac.fr\/wp-content\/uploads\/2016\/10\/Bse-Agn%C3%A8s-de-Langeac.jpg?resize=768%2C1114&amp;ssl=1 768w, https:\/\/i0.wp.com\/dominicaineslangeac.fr\/wp-content\/uploads\/2016\/10\/Bse-Agn%C3%A8s-de-Langeac.jpg?resize=700%2C1015&amp;ssl=1 700w, https:\/\/i0.wp.com\/dominicaineslangeac.fr\/wp-content\/uploads\/2016\/10\/Bse-Agn%C3%A8s-de-Langeac.jpg?w=1181&amp;ssl=1 1181w\" sizes=\"auto, (max-width: 207px) 100vw, 207px\" \/>Fond\u00e9e en 1623, la communaut\u00e9 compte parmi ses fondatrices une jeune fille du Puy en Velay, s\u0153ur Agn\u00e8s de J\u00e9sus Galand. N\u00e9e le 17 novembre 1602, elle est re\u00e7ue dans l\u2019Ordre de saint Dominique, comme tertiaire, en 1621. Elle aime \u00e0 entourer les futures mamans de sa sollicitude.<\/p>\n<p class=\"paragraph_style_3\" style=\"text-align: justify;\"><span class=\"style_2\">En 1623, elle participe \u00e0 la fondation du Monast\u00e8re Sainte-Catherine de Sienne \u00e0 Langeac et rev\u00eat l\u2019habit des moniales le 4 octobre. D\u00e8s 1627, elle exerce la charge de prieure. Par sa pri\u00e8re et ses conseils, elle va guider Jean-Jacques Olier vers la fondation des premiers s\u00e9minaires de Saint-Sulpice.<br \/>\n<\/span><\/p>\n<p class=\"paragraph_style_3\" style=\"text-align: justify;\"><span class=\"style_2\">Elle meurt le 19 octobre 1634, laissant \u00e0 ses s\u0153urs la vocation particuli\u00e8re de pri\u00e8re pour les pr\u00eatres et pour la vie en ses commencements.<br \/>\n<\/span><\/p>\n<p class=\"paragraph_style_3\" style=\"text-align: justify;\"><span class=\"style_2\">Agn\u00e8s a t\u00e9moign\u00e9 par sa vie que \u00ab\u00a0Dieu aime toujours\u00a0\u00bb. Elle nous rappelle l\u2019amour de Dieu pour tous. Elle a \u00e9t\u00e9 b\u00e9atifi\u00e9e \u00e0 Rome le 20 novembre 1994.<br \/>\n<\/span><\/p>\n<p class=\"paragraph_style_3\" style=\"text-align: justify;\"><span class=\"style_2\">Les moniales dominicaines de Langeac restent profond\u00e9ment attach\u00e9es \u00e0 la figure d\u2019Agn\u00e8s et maintiennent vivant son h\u00e9ritage spirituel avec les s\u0153urs dominicaines du Puy.<\/span><\/p>\n<p class=\"paragraph_style_3\" style=\"text-align: justify;\"><a href=\"http:\/\/manuelcohen.photoshelter.com\/gallery\/Sainte-Agnes-de-Jesus-Langeac-Haute-Loire-France\/G0000DfLM54X7ueg\/\">Visiter les \u00a0photos pris par Manuel Cohen \u00e0 Langeac et au Puy.<\/a><\/p>\n","protected":false},"excerpt":{"rendered":"<p>\u00a0Fond\u00e9e en 1623, la communaut\u00e9 compte parmi ses fondatrices une jeune fille du Puy en Velay, s\u0153ur Agn\u00e8s de J\u00e9sus Galand. N\u00e9e le 17 novembre 1602, elle est re\u00e7ue dans l\u2019Ordre de saint Dominique, comme tertiaire, en 1621. Elle aime \u00e0 entourer les futures mamans de sa sollicitude. En 1623, elle participe \u00e0 la fondation [&hellip;]<\/p>\n","protected":false},"author":1,"featured_media":0,"parent":2,"menu_order":1,"comment_status":"closed","ping_status":"closed","template":"","meta":{"advanced_seo_description":"","jetpack_seo_html_title":"","jetpack_seo_noindex":false,"jetpack_post_was_ever_published":false,"footnotes":""},"class_list":["post-418","page","type-page","status-publish","czr-hentry"],"jetpack_sharing_enabled":true,"jetpack_shortlink":"https:\/\/wp.me\/P7P1cC-6K","jetpack-related-posts":[{"id":6443,"url":"https:\/\/dominicaineslangeac.fr\/index.php\/jubile-2023\/priere-du-jubile\/","url_meta":{"origin":418,"position":0},"title":"Pri\u00e8re du Jubil\u00e9","author":"MONASTERE","date":"29 d\u00e9cembre 2022","format":false,"excerpt":"Dieu de Mis\u00e9ricorde,dans ta sagesse \u00e9ternelle, tu as appel\u00e9 ton serviteur Dominique\u00e0 se mettre en route dans la foi, comme p\u00e8lerin itin\u00e9rantet pr\u00e9dicateur de la gr\u00e2ce. Il d\u00e9sira associer \u00e0 la Sainte Pr\u00e9dication nos premi\u00e8res s\u0153urs moniales,en leur confiant de chercher le Seigneur, de penser \u00e0 Lui,de l\u2019invoquer dans le\u2026","rel":"","context":"Article similaire","block_context":{"text":"Article similaire","link":""},"img":{"alt_text":"","src":"https:\/\/i0.wp.com\/dominicaineslangeac.fr\/wp-content\/uploads\/2023\/01\/DSC00077-scaled.jpg?resize=350%2C200","width":350,"height":200},"classes":[]},{"id":850,"url":"https:\/\/dominicaineslangeac.fr\/index.php\/regle-de-vie\/histoire-du-monastere\/","url_meta":{"origin":418,"position":1},"title":"Histoire du Monast\u00e8re","author":"Monast\u00e8re Ste Catherine","date":"12 avril 2017","format":false,"excerpt":"La fondation du monast\u00e8re et son histoire se placent sous l\u2019angle du renouveau dominicain de la premi\u00e8re moiti\u00e9 du XVIIe si\u00e8cle en France. Trente-deux fondations voient le jour \u00e0 partir de deux souches, les monast\u00e8res de Sainte Catherine de Sienne de Toulouse et de Sainte Prax\u00e8de d\u2019Avignon. C\u2019est ce dernier\u2026","rel":"","context":"Article similaire","block_context":{"text":"Article similaire","link":""},"img":{"alt_text":"","src":"https:\/\/i0.wp.com\/dominicaineslangeac.fr\/wp-content\/uploads\/2016\/10\/The_Perugia_Altarpiece_Side_Panel_Depicting_St._Dominic.jpg?resize=350%2C200","width":350,"height":200},"classes":[]},{"id":6744,"url":"https:\/\/dominicaineslangeac.fr\/index.php\/jubile-2023\/colloque-22-23-sept\/","url_meta":{"origin":418,"position":2},"title":"Colloque 22-23 sept.","author":"MONASTERE","date":"4 mars 2023","format":false,"excerpt":"Colloque historique: En 1623, fondation du monast\u00e8re des dominicaines de Langeac. Avec Bernard Dompnier approfondir la longue histoire du monast\u00e8re et l'h\u00e9ritage de la Bse Agn\u00e8s de J\u00e9sus. Conclusion avec un concert de l'ensemble Ars Figuralis","rel":"","context":"Article similaire","block_context":{"text":"Article similaire","link":""},"img":{"alt_text":"","src":"https:\/\/i0.wp.com\/dominicaineslangeac.fr\/wp-content\/uploads\/2023\/03\/Capture-decran-2023-03-04-225043.png?resize=350%2C200&ssl=1","width":350,"height":200,"srcset":"https:\/\/i0.wp.com\/dominicaineslangeac.fr\/wp-content\/uploads\/2023\/03\/Capture-decran-2023-03-04-225043.png?resize=350%2C200&ssl=1 1x, https:\/\/i0.wp.com\/dominicaineslangeac.fr\/wp-content\/uploads\/2023\/03\/Capture-decran-2023-03-04-225043.png?resize=525%2C300&ssl=1 1.5x, https:\/\/i0.wp.com\/dominicaineslangeac.fr\/wp-content\/uploads\/2023\/03\/Capture-decran-2023-03-04-225043.png?resize=700%2C400&ssl=1 2x, https:\/\/i0.wp.com\/dominicaineslangeac.fr\/wp-content\/uploads\/2023\/03\/Capture-decran-2023-03-04-225043.png?resize=1050%2C600&ssl=1 3x"},"classes":[]},{"id":421,"url":"https:\/\/dominicaineslangeac.fr\/index.php\/agnes-de-langeac\/prieres-a-la-bienheureuse-agnes\/","url_meta":{"origin":418,"position":3},"title":"Pri\u00e8res \u00e0 la bienheureuse Agn\u00e8s","author":"Monast\u00e8re Ste Catherine","date":"10 octobre 2016","format":false,"excerpt":"Pri\u00e8re pour un enfant \u00e0 na\u00eetre Agn\u00e8s de J\u00e9sus, Ardente fille de saint Dominique, T\u00e9moin de la Bonne Nouvelle Et de la mis\u00e9ricorde de Dieu, Tu \u00e9tais pleine de compassion Et toujours si proche des besoins des autres. Maintenant que tu es au Ciel Contemplant la gloire de Dieu, Interc\u00e8de\u2026","rel":"","context":"Article similaire","block_context":{"text":"Article similaire","link":""},"img":{"alt_text":"","src":"https:\/\/i0.wp.com\/dominicaineslangeac.fr\/wp-content\/uploads\/2016\/08\/Agnes2-300x204.jpg?resize=350%2C200","width":350,"height":200},"classes":[]},{"id":21,"url":"https:\/\/dominicaineslangeac.fr\/index.php\/nos-activites\/magasin\/","url_meta":{"origin":418,"position":4},"title":"Magasin","author":"Monast\u00e8re Ste Catherine","date":"20 ao\u00fbt 2016","format":false,"excerpt":"Vente sur place ou par correspondance Ic\u00f4nes coll\u00e9es Plusieurs formats : 7\u20ac - 28\u20ac Cartes personnalis\u00e9es Merci Anniversaires Citations Bienheureuse Agn\u00e8s Avec enveloppe : 2,50 \u20ac Chapelets et rosaires Dizainier : 3,20 \u20ac - 6,30 \u20ac Chapelet : 8,40 \u20ac Rosaire : 15 \u20ac Livres Sur Agn\u00e8s de Langeac M\u00e9moires\u2026","rel":"","context":"Article similaire","block_context":{"text":"Article similaire","link":""},"img":{"alt_text":"","src":"https:\/\/i0.wp.com\/dominicaineslangeac.fr\/wp-content\/uploads\/2016\/08\/magasin-700x413.jpg?resize=350%2C200","width":350,"height":200,"srcset":"https:\/\/i0.wp.com\/dominicaineslangeac.fr\/wp-content\/uploads\/2016\/08\/magasin-700x413.jpg?resize=350%2C200 1x, https:\/\/i0.wp.com\/dominicaineslangeac.fr\/wp-content\/uploads\/2016\/08\/magasin-700x413.jpg?resize=525%2C300 1.5x, https:\/\/i0.wp.com\/dominicaineslangeac.fr\/wp-content\/uploads\/2016\/08\/magasin-700x413.jpg?resize=700%2C400 2x"},"classes":[]},{"id":463,"url":"https:\/\/dominicaineslangeac.fr\/index.php\/agnes-de-langeac\/chemin-mere-agnes\/","url_meta":{"origin":418,"position":5},"title":"Chemin M\u00e8re Agn\u00e8s","author":"Monast\u00e8re Ste Catherine","date":"20 f\u00e9vrier 2017","format":false,"excerpt":"Du Puy en Velay \u00e0 Langeac\u00a0sur les pas d\u2019une mystique\u00a0du Grand si\u00e8cle. Agn\u00e8s de J\u00e9sus Galand (Le Puy-en-Velay 1602\u00a0-\u00a0Langeac 1634) fut tertiaire dominicaine au Puy avant d\u2019entrer au monast\u00e8re de Langeac. Toute la vie d\u2019Agn\u00e8s est un enseignement, la pr\u00e9cocit\u00e9 de sa cons\u00e9cration \u00e0 Marie et son v\u0153u de virginit\u00e9,\u2026","rel":"","context":"Article similaire","block_context":{"text":"Article similaire","link":""},"img":{"alt_text":"","src":"https:\/\/i0.wp.com\/dominicaineslangeac.fr\/wp-content\/uploads\/2017\/02\/Promenade-5.jpg?fit=1200%2C900&ssl=1&resize=350%2C200","width":350,"height":200,"srcset":"https:\/\/i0.wp.com\/dominicaineslangeac.fr\/wp-content\/uploads\/2017\/02\/Promenade-5.jpg?fit=1200%2C900&ssl=1&resize=350%2C200 1x, https:\/\/i0.wp.com\/dominicaineslangeac.fr\/wp-content\/uploads\/2017\/02\/Promenade-5.jpg?fit=1200%2C900&ssl=1&resize=525%2C300 1.5x, https:\/\/i0.wp.com\/dominicaineslangeac.fr\/wp-content\/uploads\/2017\/02\/Promenade-5.jpg?fit=1200%2C900&ssl=1&resize=700%2C400 2x, https:\/\/i0.wp.com\/dominicaineslangeac.fr\/wp-content\/uploads\/2017\/02\/Promenade-5.jpg?fit=1200%2C900&ssl=1&resize=1050%2C600 3x"},"classes":[]}],"_links":{"self":[{"href":"https:\/\/dominicaineslangeac.fr\/index.php\/wp-json\/wp\/v2\/pages\/418","targetHints":{"allow":["GET"]}}],"collection":[{"href":"https:\/\/dominicaineslangeac.fr\/index.php\/wp-json\/wp\/v2\/pages"}],"about":[{"href":"https:\/\/dominicaineslangeac.fr\/index.php\/wp-json\/wp\/v2\/types\/page"}],"author":[{"embeddable":true,"href":"https:\/\/dominicaineslangeac.fr\/index.php\/wp-json\/wp\/v2\/users\/1"}],"replies":[{"embeddable":true,"href":"https:\/\/dominicaineslangeac.fr\/index.php\/wp-json\/wp\/v2\/comments?post=418"}],"version-history":[{"count":12,"href":"https:\/\/dominicaineslangeac.fr\/index.php\/wp-json\/wp\/v2\/pages\/418\/revisions"}],"predecessor-version":[{"id":746,"href":"https:\/\/dominicaineslangeac.fr\/index.php\/wp-json\/wp\/v2\/pages\/418\/revisions\/746"}],"up":[{"embeddable":true,"href":"https:\/\/dominicaineslangeac.fr\/index.php\/wp-json\/wp\/v2\/pages\/2"}],"wp:attachment":[{"href":"https:\/\/dominicaineslangeac.fr\/index.php\/wp-json\/wp\/v2\/media?parent=418"}],"curies":[{"name":"wp","href":"https:\/\/api.w.org\/{rel}","templated":true}]}}

La vie de la bienheureuse Agnès

<p class="paragraph_style_1"> <img data-recalc-dims="1" loading="lazy" decoding="async" data-attachment-id="553" data-permalink="https://dominicaineslangeac.fr/index.php/agnes-de-langeac/la-vie-dagnes-de-langeac/bse-agnes-de-langeac-2/" data-orig-file="https://i0.wp.com/dominicaineslangeac.fr/wp-content/uploads/2016/10/Bse-Agn%C3%A8s-de-Langeac.jpg?fit=1181%2C1713&amp;ssl=1" data-orig-size="1181,1713" data-comments-opened="0" data-image-meta="{&quot;aperture&quot;:&quot;0&quot;,&quot;credit&quot;:&quot;&quot;,&quot;camera&quot;:&quot;&quot;,&quot;caption&quot;:&quot;&quot;,&quot;created_timestamp&quot;:&quot;0&quot;,&quot;copyright&quot;:&quot;&quot;,&quot;focal_length&quot;:&quot;0&quot;,&quot;iso&quot;:&quot;0&quot;,&quot;shutter_speed&quot;:&quot;0&quot;,&quot;title&quot;:&quot;&quot;,&quot;orientation&quot;:&quot;1&quot;}" data-image-title="Bse Agnès de Langeac" data-image-description="" data-image-caption="" data-large-file="https://i0.wp.com/dominicaineslangeac.fr/wp-content/uploads/2016/10/Bse-Agn%C3%A8s-de-Langeac.jpg?fit=700%2C1015&amp;ssl=1" class="alignleft wp-image-553 size-medium" src="https://i0.wp.com/dominicaineslangeac.fr/wp-content/uploads/2016/10/Bse-Agn%C3%A8s-de-Langeac-207x300.jpg?resize=207%2C300" width="207" height="300" srcset="https://i0.wp.com/dominicaineslangeac.fr/wp-content/uploads/2016/10/Bse-Agn%C3%A8s-de-Langeac.jpg?resize=207%2C300&amp;ssl=1 207w, https://i0.wp.com/dominicaineslangeac.fr/wp-content/uploads/2016/10/Bse-Agn%C3%A8s-de-Langeac.jpg?resize=768%2C1114&amp;ssl=1 768w, https://i0.wp.com/dominicaineslangeac.fr/wp-content/uploads/2016/10/Bse-Agn%C3%A8s-de-Langeac.jpg?resize=700%2C1015&amp;ssl=1 700w, https://i0.wp.com/dominicaineslangeac.fr/wp-content/uploads/2016/10/Bse-Agn%C3%A8s-de-Langeac.jpg?w=1181&amp;ssl=1 1181w" sizes="auto, (max-width: 207px) 100vw, 207px" />Fondée en 1623, la communauté compte parmi ses fondatrices une jeune fille du Puy en Velay, sœur Agnès de Jésus Galand. Née le 17 novembre 1602, elle est reçue dans l’Ordre de saint Dominique, comme tertiaire, en 1621. Elle aime à entourer les futures mamans de sa sollicitude.</p>
<p class="paragraph_style_3" style="text-align: justify;"><span class="style_2">En 1623, elle participe à la fondation du Monastère Sainte-Catherine de Sienne à Langeac et revêt l’habit des moniales le 4 octobre. Dès 1627, elle exerce la charge de prieure. Par sa prière et ses conseils, elle va guider Jean-Jacques Olier vers la fondation des premiers séminaires de Saint-Sulpice.<br />
</span></p>
<p class="paragraph_style_3" style="text-align: justify;"><span class="style_2">Elle meurt le 19 octobre 1634, laissant à ses sœurs la vocation particulière de prière pour les prêtres et pour la vie en ses commencements.<br />
</span></p>
<p class="paragraph_style_3" style="text-align: justify;"><span class="style_2">Agnès a témoigné par sa vie que « Dieu aime toujours ». Elle nous rappelle l’amour de Dieu pour tous. Elle a été béatifiée à Rome le 20 novembre 1994.<br />
</span></p>
<p class="paragraph_style_3" style="text-align: justify;"><span class="style_2">Les moniales dominicaines de Langeac restent profondément attachées à la figure d’Agnès et maintiennent vivant son héritage spirituel avec les sœurs dominicaines du Puy.</span></p>
<p class="paragraph_style_3" style="text-align: justify;"><a href="http://manuelcohen.photoshelter.com/gallery/Sainte-Agnes-de-Jesus-Langeac-Haute-Loire-France/G0000DfLM54X7ueg/">Visiter les  photos pris par Manuel Cohen à Langeac et au Puy.</a></p>

<p> Fondée en 1623, la communauté compte parmi ses fondatrices une jeune fille du Puy en Velay, sœur Agnès de Jésus Galand. Née le 17 novembre 1602, elle est reçue dans l’Ordre de saint Dominique, comme tertiaire, en 1621. Elle aime à entourer les futures mamans de sa sollicitude. En 1623, elle participe à la fondation [&hellip;]</p>

Prière du Jubilé

29 décembre 2022

Dieu de Miséricorde,dans ta sagesse éternelle, tu as appelé ton serviteur Dominiqueà se mettre en route dans la foi, comme pèlerin itinérantet prédicateur de la grâce. Il désira associer à la Sainte Prédication nos premières sœurs moniales,en leur confiant de chercher le Seigneur, de penser à Lui,de l’invoquer dans le…

Histoire du Monastère

Monastère Ste Catherine

La fondation du monastère et son histoire se placent sous l’angle du renouveau dominicain de la première moitié du XVIIe siècle en France. Trente-deux fondations voient le jour à partir de deux souches, les monastères de Sainte Catherine de Sienne de Toulouse et de Sainte Praxède d’Avignon. C’est ce dernier…

Colloque historique: En 1623, fondation du monastère des dominicaines de Langeac. Avec Bernard Dompnier approfondir la longue histoire du monastère et l'héritage de la Bse Agnès de Jésus. Conclusion avec un concert de l'ensemble Ars Figuralis

Prières à la bienheureuse Agnès

Prière pour un enfant à naître Agnès de Jésus, Ardente fille de saint Dominique, Témoin de la Bonne Nouvelle Et de la miséricorde de Dieu, Tu étais pleine de compassion Et toujours si proche des besoins des autres. Maintenant que tu es au Ciel Contemplant la gloire de Dieu, Intercède…

20 août 2016

Vente sur place ou par correspondance Icônes collées Plusieurs formats : 7€ - 28€ Cartes personnalisées Merci Anniversaires Citations Bienheureuse Agnès Avec enveloppe : 2,50 € Chapelets et rosaires Dizainier : 3,20 € - 6,30 € Chapelet : 8,40 € Rosaire : 15 € Livres Sur Agnès de Langeac Mémoires…

Chemin Mère Agnès

20 février 2017

Du Puy en Velay à Langeac sur les pas d’une mystique du Grand siècle. Agnès de Jésus Galand (Le Puy-en-Velay 1602 - Langeac 1634) fut tertiaire dominicaine au Puy avant d’entrer au monastère de Langeac. Toute la vie d’Agnès est un enseignement, la précocité de sa consécration à Marie et son vœu de virginité,…
