{"id":409,"date":"2016-10-08T16:28:40","date_gmt":"2016-10-08T15:28:40","guid":{"rendered":"http:\/\/dominicaineslangeac.fr\/?page_id=409"},"modified":"2025-01-06T11:16:34","modified_gmt":"2025-01-06T10:16:34","slug":"page-jeunes","status":"publish","type":"page","link":"https:\/\/dominicaineslangeac.fr\/index.php\/page-jeunes\/","title":{"rendered":"Page jeunes"},"content":{"rendered":"","protected":false},"excerpt":{"rendered":"","protected":false},"author":1,"featured_media":0,"parent":0,"menu_order":3,"comment_status":"closed","ping_status":"closed","template":"","meta":{"advanced_seo_description":"","jetpack_seo_html_title":"","jetpack_seo_noindex":false,"jetpack_post_was_ever_published":false,"footnotes":""},"class_list":["post-409","page","type-page","status-publish","czr-hentry"],"jetpack_sharing_enabled":true,"jetpack_shortlink":"https:\/\/wp.me\/P7P1cC-6B","jetpack-related-posts":[{"id":411,"url":"https:\/\/dominicaineslangeac.fr\/index.php\/page-jeunes\/activites-proposes-au-jeunes\/","url_meta":{"origin":409,"position":0},"title":"Activit\u00e9s propos\u00e9es aux jeunes","author":"Monast\u00e8re Ste Catherine","date":"8 octobre 2016","format":false,"excerpt":"Pause au monast\u00e8re","rel":"","context":"Article similaire","block_context":{"text":"Article similaire","link":""},"img":{"alt_text":"Pause au monast\u00e8re","src":"https:\/\/i0.wp.com\/dominicaineslangeac.fr\/wp-content\/uploads\/2025\/01\/A-VOUS-.png?fit=848%2C1200&ssl=1&resize=350%2C200","width":350,"height":200,"srcset":"https:\/\/i0.wp.com\/dominicaineslangeac.fr\/wp-content\/uploads\/2025\/01\/A-VOUS-.png?fit=848%2C1200&ssl=1&resize=350%2C200 1x, https:\/\/i0.wp.com\/dominicaineslangeac.fr\/wp-content\/uploads\/2025\/01\/A-VOUS-.png?fit=848%2C1200&ssl=1&resize=525%2C300 1.5x, https:\/\/i0.wp.com\/dominicaineslangeac.fr\/wp-content\/uploads\/2025\/01\/A-VOUS-.png?fit=848%2C1200&ssl=1&resize=700%2C400 2x"},"classes":[]},{"id":346,"url":"https:\/\/dominicaineslangeac.fr\/index.php\/page-jeunes\/vocation\/","url_meta":{"origin":409,"position":1},"title":"Devenir moniale dominicaine","author":"Monast\u00e8re Ste Catherine","date":"24 ao\u00fbt 2016","format":false,"excerpt":"Les \u00e9tapes de la formation monastique : Le postulat Le postulat est un temps de d\u00e9couverte et d\u2019apprivoisement mutuel qui dure environ un an.\u00a0La postulante entre au Noviciat qui est le lieu de formation pour les cinq premi\u00e8res ann\u00e9es. Le noviciat En recevant l\u2019habit monastique, la postulante commence son noviciat\u2026","rel":"","context":"Article similaire","block_context":{"text":"Article similaire","link":""},"img":{"alt_text":"antiphonaire","src":"https:\/\/i0.wp.com\/dominicaineslangeac.fr\/wp-content\/uploads\/2016\/08\/antiphonaire-11-225x300.jpg?resize=350%2C200","width":350,"height":200},"classes":[]},{"id":893,"url":"https:\/\/dominicaineslangeac.fr\/index.php\/page-jeunes\/vocation-religieuse\/","url_meta":{"origin":409,"position":2},"title":"Vocation religieuse","author":"Monast\u00e8re Ste Catherine","date":"23 avril 2017","format":false,"excerpt":"Trouver sa vocation est la chose la plus importante de notre vie. Cette d\u00e9cision aura des implications pour tout notre futur, et notre bonheur en d\u00e9pend. Elle demande un discernement soigneux, prenant en compte tout ce que nous sommes sous le regard de Dieu (nos dons, nos d\u00e9sirs profonds, nos\u2026","rel":"","context":"Article similaire","block_context":{"text":"Article similaire","link":""},"img":{"alt_text":"","src":"https:\/\/i0.wp.com\/dominicaineslangeac.fr\/wp-content\/uploads\/2016\/08\/st-dominique2.png?resize=350%2C200","width":350,"height":200,"srcset":"https:\/\/i0.wp.com\/dominicaineslangeac.fr\/wp-content\/uploads\/2016\/08\/st-dominique2.png?resize=350%2C200 1x, https:\/\/i0.wp.com\/dominicaineslangeac.fr\/wp-content\/uploads\/2016\/08\/st-dominique2.png?resize=525%2C300 1.5x, https:\/\/i0.wp.com\/dominicaineslangeac.fr\/wp-content\/uploads\/2016\/08\/st-dominique2.png?resize=700%2C400 2x"},"classes":[]},{"id":418,"url":"https:\/\/dominicaineslangeac.fr\/index.php\/agnes-de-langeac\/la-vie-dagnes-de-langeac\/","url_meta":{"origin":409,"position":3},"title":"La vie de la bienheureuse Agn\u00e8s","author":"Monast\u00e8re Ste Catherine","date":"10 octobre 2016","format":false,"excerpt":"\u00a0Fond\u00e9e en 1623, la communaut\u00e9 compte parmi ses fondatrices une jeune fille du Puy en Velay, s\u0153ur Agn\u00e8s de J\u00e9sus Galand. N\u00e9e le 17 novembre 1602, elle est re\u00e7ue dans l\u2019Ordre de saint Dominique, comme tertiaire, en 1621. Elle aime \u00e0 entourer les futures mamans de sa sollicitude. En 1623,\u2026","rel":"","context":"Article similaire","block_context":{"text":"Article similaire","link":""},"img":{"alt_text":"","src":"https:\/\/i0.wp.com\/dominicaineslangeac.fr\/wp-content\/uploads\/2016\/10\/Bse-Agn%C3%A8s-de-Langeac-207x300.jpg?resize=350%2C200","width":350,"height":200},"classes":[]},{"id":850,"url":"https:\/\/dominicaineslangeac.fr\/index.php\/regle-de-vie\/histoire-du-monastere\/","url_meta":{"origin":409,"position":4},"title":"Histoire du Monast\u00e8re","author":"Monast\u00e8re Ste Catherine","date":"12 avril 2017","format":false,"excerpt":"La fondation du monast\u00e8re et son histoire se placent sous l\u2019angle du renouveau dominicain de la premi\u00e8re moiti\u00e9 du XVIIe si\u00e8cle en France. Trente-deux fondations voient le jour \u00e0 partir de deux souches, les monast\u00e8res de Sainte Catherine de Sienne de Toulouse et de Sainte Prax\u00e8de d\u2019Avignon. C\u2019est ce dernier\u2026","rel":"","context":"Article similaire","block_context":{"text":"Article similaire","link":""},"img":{"alt_text":"","src":"https:\/\/i0.wp.com\/dominicaineslangeac.fr\/wp-content\/uploads\/2016\/10\/The_Perugia_Altarpiece_Side_Panel_Depicting_St._Dominic.jpg?resize=350%2C200","width":350,"height":200},"classes":[]},{"id":6445,"url":"https:\/\/dominicaineslangeac.fr\/index.php\/jubile-2023\/programme-du-jubile\/","url_meta":{"origin":409,"position":5},"title":"Programme du Jubil\u00e9","author":"MONASTERE","date":"29 d\u00e9cembre 2022","format":false,"excerpt":"Dimanche 8 janvier ouverture de l\u2019ann\u00e9e jubilaire Messe solennelle de l\u2019Epiphanie, pr\u00e9sid\u00e9e par Mgr Yves Baumgarten, \u00e9v\u00eaque du Puy Mardi 4 avril V\u00eapres avec les pr\u00eatres du dioc\u00e8se au monast\u00e8re suivie de la messe Chrismale \u00e0 la coll\u00e9giale \u00e0 18h Dimanche 25 juin Journ\u00e9e des amis du monast\u00e8re et 10\u2026","rel":"","context":"Article similaire","block_context":{"text":"Article similaire","link":""},"img":{"alt_text":"","src":"","width":0,"height":0},"classes":[]}],"_links":{"self":[{"href":"https:\/\/dominicaineslangeac.fr\/index.php\/wp-json\/wp\/v2\/pages\/409","targetHints":{"allow":["GET"]}}],"collection":[{"href":"https:\/\/dominicaineslangeac.fr\/index.php\/wp-json\/wp\/v2\/pages"}],"about":[{"href":"https:\/\/dominicaineslangeac.fr\/index.php\/wp-json\/wp\/v2\/types\/page"}],"author":[{"embeddable":true,"href":"https:\/\/dominicaineslangeac.fr\/index.php\/wp-json\/wp\/v2\/users\/1"}],"replies":[{"embeddable":true,"href":"https:\/\/dominicaineslangeac.fr\/index.php\/wp-json\/wp\/v2\/comments?post=409"}],"version-history":[{"count":8,"href":"https:\/\/dominicaineslangeac.fr\/index.php\/wp-json\/wp\/v2\/pages\/409\/revisions"}],"predecessor-version":[{"id":6126,"href":"https:\/\/dominicaineslangeac.fr\/index.php\/wp-json\/wp\/v2\/pages\/409\/revisions\/6126"}],"wp:attachment":[{"href":"https:\/\/dominicaineslangeac.fr\/index.php\/wp-json\/wp\/v2\/media?parent=409"}],"curies":[{"name":"wp","href":"https:\/\/api.w.org\/{rel}","templated":true}]}}

Activités proposées aux jeunes

Monastère Ste Catherine

Pause au monastère

24 août 2016

Les étapes de la formation monastique : Le postulat Le postulat est un temps de découverte et d’apprivoisement mutuel qui dure environ un an. La postulante entre au Noviciat qui est le lieu de formation pour les cinq premières années. Le noviciat En recevant l’habit monastique, la postulante commence son noviciat…

Trouver sa vocation est la chose la plus importante de notre vie. Cette décision aura des implications pour tout notre futur, et notre bonheur en dépend. Elle demande un discernement soigneux, prenant en compte tout ce que nous sommes sous le regard de Dieu (nos dons, nos désirs profonds, nos…

La vie de la bienheureuse Agnès

Fondée en 1623, la communauté compte parmi ses fondatrices une jeune fille du Puy en Velay, sœur Agnès de Jésus Galand. Née le 17 novembre 1602, elle est reçue dans l’Ordre de saint Dominique, comme tertiaire, en 1621. Elle aime à entourer les futures mamans de sa sollicitude. En 1623,…

Histoire du Monastère

La fondation du monastère et son histoire se placent sous l’angle du renouveau dominicain de la première moitié du XVIIe siècle en France. Trente-deux fondations voient le jour à partir de deux souches, les monastères de Sainte Catherine de Sienne de Toulouse et de Sainte Praxède d’Avignon. C’est ce dernier…

Programme du Jubilé

29 décembre 2022

Dimanche 8 janvier ouverture de l’année jubilaire Messe solennelle de l’Epiphanie, présidée par Mgr Yves Baumgarten, évêque du Puy Mardi 4 avril Vêpres avec les prêtres du diocèse au monastère suivie de la messe Chrismale à la collégiale à 18h Dimanche 25 juin Journée des amis du monastère et 10…
